CRAN Package Check Results for Package combiter

Last updated on 2021-09-16 16:50:09 CEST.

Flavor Version Tinstall Tcheck Ttotal Status Flags
r-devel-linux-x86_64-debian-clang 1.0.3 42.43 36.86 79.29 NOTE
r-devel-linux-x86_64-debian-gcc 1.0.3 24.98 27.97 52.95 NOTE
r-devel-linux-x86_64-fedora-clang 1.0.3 118.34 NOTE
r-devel-linux-x86_64-fedora-gcc 1.0.3 93.65 NOTE
r-devel-windows-x86_64 1.0.3 36.00 68.00 104.00 NOTE
r-devel-windows-x86_64-gcc10-UCRT 1.0.3 NOTE
r-patched-linux-x86_64 1.0.3 31.75 35.01 66.76 NOTE
r-patched-solaris-x86 1.0.3 107.30 NOTE
r-release-linux-x86_64 1.0.3 30.37 35.39 65.76 NOTE
r-release-macos-arm64 1.0.3 NOTE
r-release-macos-x86_64 1.0.3 NOTE
r-release-windows-ix86+x86_64 1.0.3 95.00 71.00 166.00 NOTE
r-oldrel-macos-x86_64 1.0.3 OK
r-oldrel-windows-ix86+x86_64 1.0.3 73.00 82.00 155.00 OK

Check Details

Version: 1.0.3
Check: LazyData
Result: NOTE
     'LazyData' is specified without a 'data' directory
Flavors: r-devel-linux-x86_64-debian-clang, r-devel-linux-x86_64-debian-gcc, r-devel-linux-x86_64-fedora-clang, r-devel-linux-x86_64-fedora-gcc, r-devel-windows-x86_64, r-devel-windows-x86_64-gcc10-UCRT, r-patched-linux-x86_64, r-patched-solaris-x86, r-release-linux-x86_64, r-release-macos-arm64, r-release-macos-x86_64, r-release-windows-ix86+x86_64