CRAN Package Check Results for Package communication

Last updated on 2024-07-19 04:56:34 CEST.

Flavor Version Tinstall Tcheck Ttotal Status Flags
r-devel-linux-x86_64-debian-clang 0.1 71.90 67.13 139.03 NOTE
r-devel-linux-x86_64-debian-gcc 0.1 49.51 48.92 98.43 NOTE
r-devel-linux-x86_64-fedora-clang 0.1 201.74 NOTE
r-devel-linux-x86_64-fedora-gcc 0.1 212.51 NOTE
r-devel-windows-x86_64 0.1 50.00 87.00 137.00 NOTE
r-patched-linux-x86_64 0.1 67.30 63.93 131.23 NOTE
r-release-linux-x86_64 0.1 57.02 63.31 120.33 NOTE
r-release-macos-arm64 0.1 52.00 NOTE
r-release-macos-x86_64 0.1 70.00 NOTE
r-release-windows-x86_64 0.1 55.00 88.00 143.00 NOTE
r-oldrel-macos-arm64 0.1 58.00 NOTE
r-oldrel-macos-x86_64 0.1 90.00 NOTE
r-oldrel-windows-x86_64 0.1 71.00 101.00 172.00 NOTE

Check Details

Version: 0.1
Check: C++ specification
Result: NOTE Specified C++11: please drop specification unless essential Flavors: r-devel-linux-x86_64-debian-clang, r-devel-linux-x86_64-debian-gcc, r-devel-linux-x86_64-fedora-clang, r-devel-linux-x86_64-fedora-gcc, r-devel-windows-x86_64, r-patched-linux-x86_64, r-release-linux-x86_64, r-release-macos-arm64, r-release-macos-x86_64, r-release-windows-x86_64, r-oldrel-macos-arm64, r-oldrel-macos-x86_64, r-oldrel-windows-x86_64

Version: 0.1
Check: Rd files
Result: NOTE checkRd: (-1) hmm.Rd:47-55: Lost braces in \itemize; meant \describe ? checkRd: (-1) hmm.Rd:56-62: Lost braces in \itemize; meant \describe ? checkRd: (-1) hmm.Rd:63-70: Lost braces in \itemize; meant \describe ? checkRd: (-1) hmm.Rd:71-74: Lost braces in \itemize; meant \describe ? checkRd: (-1) hmm.Rd:75-78: Lost braces in \itemize; meant \describe ? checkRd: (-1) hmm.Rd:79-84: Lost braces in \itemize; meant \describe ? checkRd: (-1) hmm.Rd:85-89: Lost braces in \itemize; meant \describe ? checkRd: (-1) hmm.Rd:95-103: Lost braces in \itemize; meant \describe ? checkRd: (-1) hmm.Rd:104-107: Lost braces in \itemize; meant \describe ? checkRd: (-1) hmm.Rd:108-111: Lost braces in \itemize; meant \describe ? checkRd: (-1) hmm.Rd:112-118: Lost braces in \itemize; meant \describe ? checkRd: (-1) hmm.Rd:119-129: Lost braces in \itemize; meant \describe ? checkRd: (-1) hmm.Rd:130-133: Lost braces in \itemize; meant \describe ? Flavors: r-devel-linux-x86_64-debian-clang, r-devel-linux-x86_64-debian-gcc, r-devel-linux-x86_64-fedora-clang, r-devel-linux-x86_64-fedora-gcc, r-devel-windows-x86_64, r-patched-linux-x86_64, r-release-linux-x86_64, r-release-macos-arm64, r-release-macos-x86_64, r-release-windows-x86_64

Version: 0.1
Check: dependencies in R code
Result: NOTE Namespaces in Imports field not imported from: ‘GGally’ ‘RColorBrewer’ ‘abind’ ‘diagram’ ‘ggplot2’ ‘grid’ ‘gtable’ ‘igraph’ ‘magrittr’ ‘plyr’ ‘purrr’ ‘reshape2’ ‘scales’ ‘useful’ All declared Imports should be used. Flavors: r-devel-linux-x86_64-fedora-clang, r-devel-linux-x86_64-fedora-gcc

Version: 0.1
Check: installed package size
Result: NOTE installed size is 5.1Mb sub-directories of 1Mb or more: libs 4.5Mb Flavors: r-release-macos-arm64, r-release-macos-x86_64, r-oldrel-macos-arm64, r-oldrel-macos-x86_64