CRAN Package Check Results for Package composits

Last updated on 2021-09-22 10:51:27 CEST.

Flavor Version Tinstall Tcheck Ttotal Status Flags
r-devel-linux-x86_64-debian-clang 0.1.0 6.48 223.28 229.76 OK
r-devel-linux-x86_64-debian-gcc 0.1.0 5.02 154.91 159.93 OK
r-devel-linux-x86_64-fedora-clang 0.1.0 275.20 OK
r-devel-linux-x86_64-fedora-gcc 0.1.0 258.26 OK
r-devel-windows-x86_64 0.1.0 11.00 225.00 236.00 OK
r-devel-windows-x86_64-gcc10-UCRT 0.1.0 ERROR
r-patched-linux-x86_64 0.1.0 6.07 204.93 211.00 OK
r-patched-solaris-x86 0.1.0 105.70 OK
r-release-linux-x86_64 0.1.0 6.66 210.27 216.93 OK
r-release-macos-arm64 0.1.0 OK
r-release-macos-x86_64 0.1.0 OK
r-release-windows-ix86+x86_64 0.1.0 17.00 223.00 240.00 OK
r-oldrel-macos-x86_64 0.1.0 OK
r-oldrel-windows-ix86+x86_64 0.1.0 13.00 209.00 222.00 OK

Check Details

Version: 0.1.0
Check: package dependencies
Result: ERROR
    Packages required but not available: 'otsad', 'kableExtra'
    
    Package suggested but not available for checking: 'rgdal'
    
    See section 'The DESCRIPTION file' in the 'Writing R Extensions'
    manual.
Flavor: r-devel-windows-x86_64-gcc10-UCRT