CRAN Package Check Results for Package conStruct

Last updated on 2021-10-20 10:53:01 CEST.

Flavor Version Tinstall Tcheck Ttotal Status Flags
r-devel-linux-x86_64-debian-clang 1.0.4 399.78 127.42 527.20 NOTE
r-devel-linux-x86_64-debian-gcc 1.0.4 370.69 112.53 483.22 NOTE
r-devel-linux-x86_64-fedora-clang 1.0.4 824.76 NOTE
r-devel-linux-x86_64-fedora-gcc 1.0.4 911.59 NOTE
r-devel-windows-x86_64 1.0.4 500.00 201.00 701.00 NOTE
r-devel-windows-x86_64-gcc10-UCRT 1.0.4 NOTE
r-patched-linux-x86_64 1.0.4 384.85 153.41 538.26 NOTE
r-patched-solaris-x86 1.0.4 771.60 NOTE
r-release-linux-x86_64 1.0.4 360.96 151.47 512.43 NOTE
r-release-macos-arm64 1.0.4 NOTE
r-release-macos-x86_64 1.0.4 NOTE
r-release-windows-ix86+x86_64 1.0.4 845.00 285.00 1130.00 NOTE
r-oldrel-macos-x86_64 1.0.4 NOTE
r-oldrel-windows-ix86+x86_64 1.0.4 1004.00 300.00 1304.00 NOTE

Check Details

Version: 1.0.4
Check: for GNU extensions in Makefiles
Result: NOTE
    GNU make is a SystemRequirements.
Flavors: r-devel-linux-x86_64-debian-clang, r-devel-linux-x86_64-debian-gcc, r-devel-linux-x86_64-fedora-clang, r-devel-linux-x86_64-fedora-gcc, r-devel-windows-x86_64, r-devel-windows-x86_64-gcc10-UCRT, r-patched-linux-x86_64, r-patched-solaris-x86, r-release-linux-x86_64, r-release-macos-arm64, r-release-macos-x86_64, r-release-windows-ix86+x86_64, r-oldrel-macos-x86_64, r-oldrel-windows-ix86+x86_64

Version: 1.0.4
Check: installed package size
Result: NOTE
     installed size is 59.2Mb
     sub-directories of 1Mb or more:
     libs 58.0Mb
Flavors: r-devel-linux-x86_64-fedora-clang, r-patched-solaris-x86, r-release-macos-arm64, r-release-macos-x86_64, r-release-windows-ix86+x86_64, r-oldrel-macos-x86_64, r-oldrel-windows-ix86+x86_64

Version: 1.0.4
Check: line endings in C/C++/Fortran sources/headers
Result: NOTE
    Found the following sources/headers with CR or CRLF line endings:
     src/stan_files/multiK.hpp
     src/stan_files/oneK.hpp
     src/stan_files/space_multiK.hpp
     src/stan_files/space_oneK.hpp
    Some Unix compilers require LF line endings.
Flavor: r-devel-windows-x86_64-gcc10-UCRT