CRAN Package Check Results for Package concordance

Last updated on 2021-09-28 01:49:19 CEST.

Flavor Version Tinstall Tcheck Ttotal Status Flags
r-devel-linux-x86_64-debian-clang 2.0.0 12.73 66.60 79.33 OK
r-devel-linux-x86_64-debian-gcc 2.0.0 11.11 50.25 61.36 OK
r-devel-linux-x86_64-fedora-clang 2.0.0 104.17 NOTE
r-devel-linux-x86_64-fedora-gcc 2.0.0 92.09 NOTE
r-devel-windows-x86_64 2.0.0 15.00 65.00 80.00 OK
r-devel-windows-x86_64-gcc10-UCRT 2.0.0 NOTE
r-patched-linux-x86_64 2.0.0 12.89 62.16 75.05 OK
r-patched-solaris-x86 2.0.0 132.50 NOTE
r-release-linux-x86_64 2.0.0 9.34 63.31 72.65 OK
r-release-macos-arm64 2.0.0 NOTE
r-release-macos-x86_64 2.0.0 NOTE
r-release-windows-ix86+x86_64 2.0.0 24.00 66.00 90.00 OK
r-oldrel-macos-x86_64 2.0.0 NOTE
r-oldrel-windows-ix86+x86_64 2.0.0 17.00 67.00 84.00 OK

Check Details

Version: 2.0.0
Check: data for non-ASCII characters
Result: NOTE
     Note: found 92 marked UTF-8 strings
Flavors: r-devel-linux-x86_64-fedora-clang, r-devel-linux-x86_64-fedora-gcc, r-devel-windows-x86_64-gcc10-UCRT, r-patched-solaris-x86, r-release-macos-arm64, r-release-macos-x86_64, r-oldrel-macos-x86_64