CRAN Package Check Results for Package concurve

Last updated on 2021-09-25 01:50:13 CEST.

Flavor Version Tinstall Tcheck Ttotal Status Flags
r-devel-linux-x86_64-debian-clang 2.7.7 15.58 160.95 176.53 NOTE
r-devel-linux-x86_64-debian-gcc 2.7.7 11.33 118.37 129.70 NOTE
r-devel-linux-x86_64-fedora-clang 2.7.7 212.72 NOTE
r-devel-linux-x86_64-fedora-gcc 2.7.7 202.26 NOTE
r-devel-windows-x86_64 2.7.7 18.00 148.00 166.00 NOTE
r-devel-windows-x86_64-gcc10-UCRT 2.7.7 NOTE
r-patched-linux-x86_64 2.7.7 13.64 150.75 164.39 NOTE
r-patched-solaris-x86 2.7.7 290.20 NOTE
r-release-linux-x86_64 2.7.7 14.01 152.20 166.21 NOTE
r-release-macos-arm64 2.7.7 NOTE
r-release-macos-x86_64 2.7.7 NOTE
r-release-windows-ix86+x86_64 2.7.7 38.00 138.00 176.00 NOTE
r-oldrel-macos-x86_64 2.7.7 OK
r-oldrel-windows-ix86+x86_64 2.7.7 29.00 148.00 177.00 OK

Check Details

Version: 2.7.7
Check: LazyData
Result: NOTE
     'LazyData' is specified without a 'data' directory
Flavors: r-devel-linux-x86_64-debian-clang, r-devel-linux-x86_64-debian-gcc, r-devel-linux-x86_64-fedora-clang, r-devel-linux-x86_64-fedora-gcc, r-devel-windows-x86_64, r-devel-windows-x86_64-gcc10-UCRT, r-patched-linux-x86_64, r-patched-solaris-x86, r-release-linux-x86_64, r-release-macos-arm64, r-release-macos-x86_64, r-release-windows-ix86+x86_64

Version: 2.7.7
Check: Rd cross-references
Result: NOTE
    Undeclared package ‘rlang’ in Rd xrefs
Flavor: r-devel-linux-x86_64-fedora-clang