CRAN Package Check Results for Package condTruncMVN

Last updated on 2021-10-28 13:58:06 CEST.

Flavor Version Tinstall Tcheck Ttotal Status Flags
r-devel-linux-x86_64-debian-clang 0.0.2 8.33 68.20 76.53 NOTE
r-devel-linux-x86_64-debian-gcc 0.0.2 6.73 53.66 60.39 NOTE
r-devel-linux-x86_64-fedora-clang 0.0.2 101.14 NOTE
r-devel-linux-x86_64-fedora-gcc 0.0.2 91.25 NOTE
r-devel-windows-x86_64 0.0.2 12.00 93.00 105.00 NOTE
r-devel-windows-x86_64-gcc10-UCRT 0.0.2 NOTE
r-patched-linux-x86_64 0.0.2 7.55 66.83 74.38 NOTE
r-patched-solaris-x86 0.0.2 136.70 NOTE
r-release-linux-x86_64 0.0.2 7.42 66.75 74.17 NOTE
r-release-macos-arm64 0.0.2 NOTE
r-release-macos-x86_64 0.0.2 NOTE
r-release-windows-ix86+x86_64 0.0.2 12.00 94.00 106.00 NOTE
r-oldrel-macos-x86_64 0.0.2 OK
r-oldrel-windows-ix86+x86_64 0.0.2 14.00 90.00 104.00 OK

Check Details

Version: 0.0.2
Check: LazyData
Result: NOTE
     'LazyData' is specified without a 'data' directory
Flavors: r-devel-linux-x86_64-debian-clang, r-devel-linux-x86_64-debian-gcc, r-devel-linux-x86_64-fedora-clang, r-devel-linux-x86_64-fedora-gcc, r-devel-windows-x86_64, r-devel-windows-x86_64-gcc10-UCRT, r-patched-linux-x86_64, r-patched-solaris-x86, r-release-linux-x86_64, r-release-macos-arm64, r-release-macos-x86_64, r-release-windows-ix86+x86_64

Version: 0.0.2
Check: Rd cross-references
Result: NOTE
    Undeclared package ‘mvtnorm’ in Rd xrefs
Flavor: r-devel-linux-x86_64-fedora-clang