CRAN Package Check Results for Package condmixt

Last updated on 2021-11-30 03:56:51 CET.

Flavor Version Tinstall Tcheck Ttotal Status Flags
r-devel-linux-x86_64-debian-clang 1.1 8.40 36.71 45.11 OK
r-devel-linux-x86_64-debian-gcc 1.1 6.22 27.79 34.01 OK
r-devel-linux-x86_64-fedora-clang 1.1 65.27 NOTE
r-devel-linux-x86_64-fedora-gcc 1.1 53.88 NOTE
r-devel-windows-x86_64-new-UL 1.1 17.00 74.00 91.00 OK
r-devel-windows-x86_64-new-TK 1.1 OK
r-devel-windows-x86_64-old 1.1 12.00 44.00 56.00 OK
r-patched-linux-x86_64 1.1 7.33 35.54 42.87 OK
r-patched-solaris-x86 1.1 73.60 OK
r-release-linux-x86_64 1.1 6.82 35.40 42.22 OK
r-release-macos-arm64 1.1 OK
r-release-macos-x86_64 1.1 OK
r-release-windows-ix86+x86_64 1.1 17.00 56.00 73.00 OK
r-oldrel-macos-x86_64 1.1 OK
r-oldrel-windows-ix86+x86_64 1.1 16.00 68.00 84.00 OK

Check Details

Version: 1.1
Check: compiled code
Result: NOTE
    File ‘condmixt/libs/condmixt.so’:
     Found no calls to: ‘R_registerRoutines’, ‘R_useDynamicSymbols’
    
    It is good practice to register native routines and to disable symbol
    search.
    
    See ‘Writing portable packages’ in the ‘Writing R Extensions’ manual.
Flavors: r-devel-linux-x86_64-fedora-clang, r-devel-linux-x86_64-fedora-gcc