CRAN Package Check Results for Package configr

Last updated on 2021-11-28 06:48:35 CET.

Flavor Version Tinstall Tcheck Ttotal Status Flags
r-devel-linux-x86_64-debian-clang 0.3.5 NOTE
r-devel-linux-x86_64-debian-gcc 0.3.5 2.70 34.88 37.58 NOTE
r-devel-linux-x86_64-fedora-clang 0.3.5 69.31 NOTE
r-devel-linux-x86_64-fedora-gcc 0.3.5 57.77 NOTE
r-devel-windows-x86_64-new-UL 0.3.5 11.00 113.00 124.00 NOTE
r-devel-windows-x86_64-new-TK 0.3.5 NOTE
r-devel-windows-x86_64-old 0.3.5 6.00 73.00 79.00 NOTE
r-patched-linux-x86_64 0.3.5 4.08 43.71 47.79 NOTE
r-patched-solaris-x86 0.3.5 84.50 NOTE
r-release-linux-x86_64 0.3.5 4.10 43.74 47.84 NOTE
r-release-macos-arm64 0.3.5 NOTE
r-release-macos-x86_64 0.3.5 NOTE
r-release-windows-ix86+x86_64 0.3.5 9.00 68.00 77.00 NOTE
r-oldrel-macos-x86_64 0.3.5 OK
r-oldrel-windows-ix86+x86_64 0.3.5 8.00 74.00 82.00 OK

Check Details

Version: 0.3.5
Check: LazyData
Result: NOTE
     'LazyData' is specified without a 'data' directory
Flavors: r-devel-linux-x86_64-debian-clang, r-devel-linux-x86_64-debian-gcc, r-devel-linux-x86_64-fedora-clang, r-devel-linux-x86_64-fedora-gcc, r-devel-windows-x86_64-new-UL, r-devel-windows-x86_64-new-TK, r-devel-windows-x86_64-old, r-patched-linux-x86_64, r-patched-solaris-x86, r-release-linux-x86_64, r-release-macos-arm64, r-release-macos-x86_64, r-release-windows-ix86+x86_64