CRAN Package Check Results for Package connections

Last updated on 2021-07-25 01:50:40 CEST.

Flavor Version Tinstall Tcheck Ttotal Status Flags
r-devel-linux-x86_64-debian-clang 0.1.1 5.07 46.50 51.57 NOTE
r-devel-linux-x86_64-debian-gcc 0.1.1 4.12 35.31 39.43 NOTE
r-devel-linux-x86_64-fedora-clang 0.1.1 70.14 NOTE
r-devel-linux-x86_64-fedora-gcc 0.1.1 58.68 NOTE
r-devel-windows-x86_64 0.1.1 5.00 50.00 55.00 NOTE
r-devel-windows-x86_64-gcc10-UCRT 0.1.1 NOTE
r-patched-linux-x86_64 0.1.1 9.24 43.60 52.84 NOTE
r-patched-solaris-x86 0.1.1 86.30 NOTE
r-release-linux-x86_64 0.1.1 5.07 43.55 48.62 NOTE
r-release-macos-arm64 0.1.1 NOTE
r-release-macos-x86_64 0.1.1 NOTE
r-release-windows-ix86+x86_64 0.1.1 12.00 48.00 60.00 NOTE
r-oldrel-macos-x86_64 0.1.1 OK
r-oldrel-windows-ix86+x86_64 0.1.1 13.00 65.00 78.00 OK

Check Details

Version: 0.1.1
Check: LazyData
Result: NOTE
     'LazyData' is specified without a 'data' directory
Flavors: r-devel-linux-x86_64-debian-clang, r-devel-linux-x86_64-debian-gcc, r-devel-linux-x86_64-fedora-clang, r-devel-linux-x86_64-fedora-gcc, r-devel-windows-x86_64, r-devel-windows-x86_64-gcc10-UCRT, r-patched-linux-x86_64, r-patched-solaris-x86, r-release-linux-x86_64, r-release-macos-arm64, r-release-macos-x86_64, r-release-windows-ix86+x86_64