CRAN Package Check Results for Package container

Last updated on 2021-08-01 10:51:07 CEST.

Flavor Version Tinstall Tcheck Ttotal Status Flags
r-devel-linux-x86_64-debian-clang 0.3.0 5.97 36.23 42.20 NOTE
r-devel-linux-x86_64-debian-gcc 0.3.0 5.62 28.31 33.93 NOTE
r-devel-linux-x86_64-fedora-clang 0.3.0 61.45 NOTE
r-devel-linux-x86_64-fedora-gcc 0.3.0 51.84 NOTE
r-devel-windows-x86_64 0.3.0 9.00 54.00 63.00 NOTE
r-devel-windows-x86_64-gcc10-UCRT 0.3.0 NOTE
r-patched-linux-x86_64 0.3.0 NOTE
r-patched-solaris-x86 0.3.0 70.70 NOTE
r-release-linux-x86_64 0.3.0 5.50 35.25 40.75 NOTE
r-release-macos-arm64 0.3.0 NOTE
r-release-macos-x86_64 0.3.0 NOTE
r-release-windows-ix86+x86_64 0.3.0 12.00 53.00 65.00 NOTE
r-oldrel-macos-x86_64 0.3.0 OK
r-oldrel-windows-ix86+x86_64 0.3.0 11.00 53.00 64.00 OK

Check Details

Version: 0.3.0
Check: LazyData
Result: NOTE
     'LazyData' is specified without a 'data' directory
Flavors: r-devel-linux-x86_64-debian-clang, r-devel-linux-x86_64-debian-gcc, r-devel-linux-x86_64-fedora-clang, r-devel-linux-x86_64-fedora-gcc, r-devel-windows-x86_64, r-devel-windows-x86_64-gcc10-UCRT, r-patched-linux-x86_64, r-patched-solaris-x86, r-release-linux-x86_64, r-release-macos-arm64, r-release-macos-x86_64, r-release-windows-ix86+x86_64