CRAN Package Check Results for Package contingency

Last updated on 2021-07-29 13:53:24 CEST.

Flavor Version Tinstall Tcheck Ttotal Status Flags
r-devel-linux-x86_64-debian-clang 0.0.6 NOTE
r-devel-linux-x86_64-debian-gcc 0.0.6 2.55 23.96 26.51 NOTE
r-devel-linux-x86_64-fedora-clang 0.0.6 50.13 NOTE
r-devel-linux-x86_64-fedora-gcc 0.0.6 39.81 NOTE
r-devel-windows-x86_64 0.0.6 7.00 45.00 52.00 NOTE
r-devel-windows-x86_64-gcc10-UCRT 0.0.6 NOTE
r-patched-linux-x86_64 0.0.6 3.41 29.54 32.95 NOTE
r-patched-solaris-x86 0.0.6 58.60 NOTE
r-release-linux-x86_64 0.0.6 2.82 29.95 32.77 NOTE
r-release-macos-arm64 0.0.6 NOTE
r-release-macos-x86_64 0.0.6 NOTE
r-release-windows-ix86+x86_64 0.0.6 7.00 46.00 53.00 NOTE
r-oldrel-macos-x86_64 0.0.6 OK
r-oldrel-windows-ix86+x86_64 0.0.6 5.00 47.00 52.00 OK

Check Details

Version: 0.0.6
Check: LazyData
Result: NOTE
     'LazyData' is specified without a 'data' directory
Flavors: r-devel-linux-x86_64-debian-clang, r-devel-linux-x86_64-debian-gcc, r-devel-linux-x86_64-fedora-clang, r-devel-linux-x86_64-fedora-gcc, r-devel-windows-x86_64, r-devel-windows-x86_64-gcc10-UCRT, r-patched-linux-x86_64, r-patched-solaris-x86, r-release-linux-x86_64, r-release-macos-arm64, r-release-macos-x86_64, r-release-windows-ix86+x86_64