Last updated on 2023-09-26 10:07:36 CEST.
Flavor | Version | Tinstall | Tcheck | Ttotal | Status | Flags |
---|---|---|---|---|---|---|
r-devel-linux-x86_64-debian-clang | 0.2.2 | 5.74 | 49.85 | 55.59 | OK | |
r-devel-linux-x86_64-debian-gcc | 0.2.2 | 4.56 | 37.54 | 42.10 | OK | |
r-devel-linux-x86_64-fedora-clang | 0.2.2 | 81.55 | NOTE | |||
r-devel-linux-x86_64-fedora-gcc | 0.2.2 | 96.93 | NOTE | |||
r-devel-windows-x86_64 | 0.2.2 | 7.00 | 119.00 | 126.00 | OK | |
r-patched-linux-x86_64 | 0.2.2 | 3.53 | 47.54 | 51.07 | OK | |
r-release-linux-x86_64 | 0.2.2 | 4.76 | 47.96 | 52.72 | OK | |
r-release-macos-arm64 | 0.2.2 | 32.00 | OK | |||
r-release-macos-x86_64 | 0.2.2 | 48.00 | OK | |||
r-release-windows-x86_64 | 0.2.2 | 9.00 | 300.00 | 309.00 | OK | |
r-oldrel-macos-arm64 | 0.2.2 | 30.00 | NOTE | |||
r-oldrel-macos-x86_64 | 0.2.2 | 55.00 | NOTE | |||
r-oldrel-windows-x86_64 | 0.2.2 | 9.00 | 301.00 | 310.00 | OK |
Version: 0.2.2
Check: data for non-ASCII characters
Result: NOTE
Note: found 3 marked UTF-8 strings
Flavors: r-devel-linux-x86_64-fedora-clang, r-devel-linux-x86_64-fedora-gcc, r-oldrel-macos-arm64, r-oldrel-macos-x86_64