CRAN Package Check Results for Package contribution

Last updated on 2024-07-22 22:56:20 CEST.

Flavor Version Tinstall Tcheck Ttotal Status Flags
r-devel-linux-x86_64-debian-clang 0.2.2 6.72 52.26 58.98 OK
r-devel-linux-x86_64-debian-gcc 0.2.2 4.86 39.58 44.44 OK
r-devel-linux-x86_64-fedora-clang 0.2.2 99.00 NOTE
r-devel-linux-x86_64-fedora-gcc 0.2.2 104.02 NOTE
r-devel-windows-x86_64 0.2.2 6.00 243.00 249.00 OK
r-patched-linux-x86_64 0.2.2 5.17 49.93 55.10 OK
r-release-linux-x86_64 0.2.2 4.11 49.96 54.07 OK
r-release-macos-arm64 0.2.2 32.00 OK
r-release-macos-x86_64 0.2.2 62.00 OK
r-release-windows-x86_64 0.2.2 7.00 231.00 238.00 OK
r-oldrel-macos-arm64 0.2.2 32.00 OK
r-oldrel-macos-x86_64 0.2.2 48.00 OK
r-oldrel-windows-x86_64 0.2.2 8.00 200.00 208.00 OK

Check Details

Version: 0.2.2
Check: data for non-ASCII characters
Result: NOTE Note: found 3 marked UTF-8 strings Flavors: r-devel-linux-x86_64-fedora-clang, r-devel-linux-x86_64-fedora-gcc