CRAN Package Check Results for Package convdistr

Last updated on 2021-09-23 10:53:17 CEST.

Flavor Version Tinstall Tcheck Ttotal Status Flags
r-devel-linux-x86_64-debian-clang 1.5.3 8.01 81.51 89.52 OK
r-devel-linux-x86_64-debian-gcc 1.5.3 6.11 59.83 65.94 OK
r-devel-linux-x86_64-fedora-clang 1.5.3 111.39 OK
r-devel-linux-x86_64-fedora-gcc 1.5.3 99.61 OK
r-devel-windows-x86_64 1.5.3 11.00 85.00 96.00 OK
r-devel-windows-x86_64-gcc10-UCRT 1.5.3 ERROR
r-patched-linux-x86_64 1.5.3 7.92 75.82 83.74 OK
r-patched-solaris-x86 1.5.3 148.60 OK
r-release-linux-x86_64 1.5.3 7.40 76.75 84.15 OK
r-release-macos-arm64 1.5.3 OK
r-release-macos-x86_64 1.5.3 OK
r-release-windows-ix86+x86_64 1.5.3 20.00 78.00 98.00 OK
r-oldrel-macos-x86_64 1.5.3 OK
r-oldrel-windows-ix86+x86_64 1.5.3 13.00 83.00 96.00 OK

Check Details

Version: 1.5.3
Check: package dependencies
Result: ERROR
    Package required but not available: 'SHELF'
    
    Package suggested but not available for checking: 'spelling'
    
    See section 'The DESCRIPTION file' in the 'Writing R Extensions'
    manual.
Flavor: r-devel-windows-x86_64-gcc10-UCRT