CRAN Package Check Results for Package convevol

Last updated on 2021-10-28 10:51:32 CEST.

Flavor Version Tinstall Tcheck Ttotal Status Flags
r-devel-linux-x86_64-debian-clang 1.3 10.41 89.69 100.10 NOTE
r-devel-linux-x86_64-debian-gcc 1.3 8.93 68.50 77.43 NOTE
r-devel-linux-x86_64-fedora-clang 1.3 127.57 NOTE
r-devel-linux-x86_64-fedora-gcc 1.3 120.17 NOTE
r-devel-windows-x86_64 1.3 14.00 115.00 129.00 NOTE
r-devel-windows-x86_64-gcc10-UCRT 1.3 NOTE
r-patched-linux-x86_64 1.3 9.05 87.04 96.09 NOTE
r-patched-solaris-x86 1.3 177.30 NOTE
r-release-linux-x86_64 1.3 7.43 86.10 93.53 NOTE
r-release-macos-arm64 1.3 NOTE
r-release-macos-x86_64 1.3 NOTE
r-release-windows-ix86+x86_64 1.3 16.00 114.00 130.00 NOTE
r-oldrel-macos-x86_64 1.3 OK
r-oldrel-windows-ix86+x86_64 1.3 16.00 112.00 128.00 OK

Check Details

Version: 1.3
Check: LazyData
Result: NOTE
     'LazyData' is specified without a 'data' directory
Flavors: r-devel-linux-x86_64-debian-clang, r-devel-linux-x86_64-debian-gcc, r-devel-linux-x86_64-fedora-clang, r-devel-linux-x86_64-fedora-gcc, r-devel-windows-x86_64, r-devel-windows-x86_64-gcc10-UCRT, r-patched-linux-x86_64, r-patched-solaris-x86, r-release-linux-x86_64, r-release-macos-arm64, r-release-macos-x86_64, r-release-windows-ix86+x86_64