CRAN Package Check Results for Package corpus

Last updated on 2021-09-23 13:54:37 CEST.

Flavor Version Tinstall Tcheck Ttotal Status Flags
r-devel-linux-x86_64-debian-clang 0.10.2 27.52 56.84 84.36 OK
r-devel-linux-x86_64-debian-gcc 0.10.2 19.55 43.54 63.09 OK
r-devel-linux-x86_64-fedora-clang 0.10.2 108.72 NOTE
r-devel-linux-x86_64-fedora-gcc 0.10.2 103.81 NOTE
r-devel-windows-x86_64 0.10.2 39.00 73.00 112.00 OK
r-devel-windows-x86_64-gcc10-UCRT 0.10.2 ERROR
r-patched-linux-x86_64 0.10.2 25.22 56.69 81.91 OK
r-patched-solaris-x86 0.10.2 174.40 NOTE
r-release-linux-x86_64 0.10.2 23.50 55.76 79.26 OK
r-release-macos-arm64 0.10.2 NOTE
r-release-macos-x86_64 0.10.2 NOTE
r-release-windows-ix86+x86_64 0.10.2 93.00 89.00 182.00 OK
r-oldrel-macos-x86_64 0.10.2 NOTE
r-oldrel-windows-ix86+x86_64 0.10.2 87.00 84.00 171.00 OK

Check Details

Version: 0.10.2
Check: data for non-ASCII characters
Result: NOTE
     Note: found 578 marked UTF-8 strings
Flavors: r-devel-linux-x86_64-fedora-clang, r-devel-linux-x86_64-fedora-gcc, r-patched-solaris-x86, r-release-macos-arm64, r-release-macos-x86_64, r-oldrel-macos-x86_64

Version: 0.10.2
Check: package dependencies
Result: NOTE
    Packages which this enhances but not available for checking:
     'quanteda', 'tm'
Flavor: r-devel-windows-x86_64-gcc10-UCRT

Version: 0.10.2
Check: whether package can be installed
Result: ERROR
    Installation failed.
Flavor: r-devel-windows-x86_64-gcc10-UCRT