CRAN Package Check Results for Package corrplot

Last updated on 2023-09-30 10:57:04 CEST.

Flavor Version Tinstall Tcheck Ttotal Status Flags
r-devel-linux-x86_64-debian-clang 0.92 3.18 51.29 54.47 OK
r-devel-linux-x86_64-debian-gcc 0.92 2.75 39.01 41.76 OK
r-devel-linux-x86_64-fedora-clang 0.92 67.92 NOTE
r-devel-linux-x86_64-fedora-gcc 0.92 79.22 OK
r-devel-windows-x86_64 0.92 4.00 69.00 73.00 OK
r-patched-linux-x86_64 0.92 3.42 50.57 53.99 OK
r-release-linux-x86_64 0.92 3.11 50.68 53.79 OK
r-release-macos-arm64 0.92 39.00 OK
r-release-macos-x86_64 0.92 52.00 OK
r-release-windows-x86_64 0.92 6.00 74.00 80.00 OK
r-oldrel-macos-arm64 0.92 32.00 OK
r-oldrel-macos-x86_64 0.92 40.00 OK
r-oldrel-windows-x86_64 0.92 7.00 70.00 77.00 OK

Check Details

Version: 0.92
Check: installed package size
Result: NOTE
     installed size is 5.0Mb
     sub-directories of 1Mb or more:
     doc 4.8Mb
Flavor: r-devel-linux-x86_64-fedora-clang