CRAN Package Check Results for Package covid19.analytics

Last updated on 2024-02-23 04:01:57 CET.

Flavor Version Tinstall Tcheck Ttotal Status Flags
r-devel-linux-x86_64-debian-clang 2.1.3.3 OK
r-devel-linux-x86_64-debian-gcc 2.1.3.3 11.39 264.08 275.47 OK
r-devel-linux-x86_64-fedora-clang 2.1.3.3 479.57 NOTE
r-devel-linux-x86_64-fedora-gcc 2.1.3.3 488.05 OK
r-devel-windows-x86_64 2.1.3.3 14.00 259.00 273.00 NOTE
r-patched-linux-x86_64 2.1.3.3 17.33 385.53 402.86 OK
r-release-linux-x86_64 2.1.3.3 11.51 389.25 400.76 OK
r-release-macos-arm64 2.1.3.3 136.00 NOTE
r-release-macos-x86_64 2.1.3.3 269.00 NOTE
r-release-windows-x86_64 2.1.3.3 20.00 325.00 345.00 NOTE
r-oldrel-macos-arm64 2.1.3.3 136.00 NOTE
r-oldrel-windows-x86_64 2.1.3.3 20.00 308.00 328.00 NOTE

Check Details

Version: 2.1.3.3
Check: installed package size
Result: NOTE installed size is 5.1Mb sub-directories of 1Mb or more: doc 1.6Mb extdata 2.7Mb Flavors: r-devel-linux-x86_64-fedora-clang, r-devel-windows-x86_64, r-release-macos-arm64, r-release-macos-x86_64, r-release-windows-x86_64, r-oldrel-macos-arm64, r-oldrel-windows-x86_64