CRAN Package Check Results for Package cowsay

Last updated on 2021-09-24 01:50:01 CEST.

Flavor Version Tinstall Tcheck Ttotal Status Flags
r-devel-linux-x86_64-debian-clang 0.8.0 2.34 25.99 28.33 NOTE
r-devel-linux-x86_64-debian-gcc 0.8.0 1.73 20.90 22.63 NOTE
r-devel-linux-x86_64-fedora-clang 0.8.0 44.65 NOTE
r-devel-linux-x86_64-fedora-gcc 0.8.0 33.28 NOTE
r-devel-windows-x86_64 0.8.0 3.00 36.00 39.00 NOTE
r-devel-windows-x86_64-gcc10-UCRT 0.8.0 NOTE
r-patched-linux-x86_64 0.8.0 2.29 25.13 27.42 NOTE
r-patched-solaris-x86 0.8.0 57.50 NOTE
r-release-linux-x86_64 0.8.0 2.38 25.44 27.82 NOTE
r-release-macos-arm64 0.8.0 NOTE
r-release-macos-x86_64 0.8.0 NOTE
r-release-windows-ix86+x86_64 0.8.0 5.00 32.00 37.00 NOTE
r-oldrel-macos-x86_64 0.8.0 OK
r-oldrel-windows-ix86+x86_64 0.8.0 16.00 31.00 47.00 OK

Check Details

Version: 0.8.0
Check: LazyData
Result: NOTE
     'LazyData' is specified without a 'data' directory
Flavors: r-devel-linux-x86_64-debian-clang, r-devel-linux-x86_64-debian-gcc, r-devel-linux-x86_64-fedora-clang, r-devel-linux-x86_64-fedora-gcc, r-devel-windows-x86_64, r-devel-windows-x86_64-gcc10-UCRT, r-patched-linux-x86_64, r-patched-solaris-x86, r-release-linux-x86_64, r-release-macos-arm64, r-release-macos-x86_64, r-release-windows-ix86+x86_64