CRAN Package Check Results for Package critpath

Last updated on 2021-07-29 10:52:53 CEST.

Flavor Version Tinstall Tcheck Ttotal Status Flags
r-devel-linux-x86_64-debian-clang 0.1.3 OK
r-devel-linux-x86_64-debian-gcc 0.1.3 5.23 60.98 66.21 OK
r-devel-linux-x86_64-fedora-clang 0.1.3 111.33 NOTE
r-devel-linux-x86_64-fedora-gcc 0.1.3 100.67 OK
r-devel-windows-x86_64 0.1.3 10.00 102.00 112.00 NOTE
r-devel-windows-x86_64-gcc10-UCRT 0.1.3 OK
r-patched-linux-x86_64 0.1.3 6.85 76.05 82.90 OK
r-patched-solaris-x86 0.1.3 111.60 WARN
r-release-linux-x86_64 0.1.3 6.04 77.49 83.53 OK
r-release-macos-arm64 0.1.3 WARN
r-release-macos-x86_64 0.1.3 WARN
r-release-windows-ix86+x86_64 0.1.3 16.00 101.00 117.00 NOTE
r-oldrel-macos-x86_64 0.1.3 WARN
r-oldrel-windows-ix86+x86_64 0.1.3 12.00 114.00 126.00 NOTE

Check Details

Version: 0.1.3
Check: installed package size
Result: NOTE
     installed size is 5.8Mb
     sub-directories of 1Mb or more:
     doc 5.6Mb
Flavors: r-devel-linux-x86_64-fedora-clang, r-devel-windows-x86_64, r-patched-solaris-x86, r-release-macos-arm64, r-release-macos-x86_64, r-release-windows-ix86+x86_64, r-oldrel-macos-x86_64, r-oldrel-windows-ix86+x86_64

Version: 0.1.3
Check: re-building of vignette outputs
Result: WARN
    Error(s) in re-building vignettes:
     ...
    --- re-building ‘CPMandPERT.Rmd’ using rmarkdown
    Warning in engine$weave(file, quiet = quiet, encoding = enc) :
     Pandoc (>= 1.12.3) not available. Falling back to R Markdown v1.
    Quitting from lines 104-106 (CPMandPERT.Rmd)
    Error: processing vignette 'CPMandPERT.Rmd' failed with diagnostics:
    there is no package called 'webshot'
    --- failed re-building ‘CPMandPERT.Rmd’
    
    --- re-building ‘LESS.Rmd’ using rmarkdown
    Warning in engine$weave(file, quiet = quiet, encoding = enc) :
     Pandoc (>= 1.12.3) not available. Falling back to R Markdown v1.
    Quitting from lines 62-64 (LESS.Rmd)
    Error: processing vignette 'LESS.Rmd' failed with diagnostics:
    there is no package called 'webshot'
    --- failed re-building ‘LESS.Rmd’
    
    SUMMARY: processing the following files failed:
     ‘CPMandPERT.Rmd’ ‘LESS.Rmd’
    
    Error: Vignette re-building failed.
    Execution halted
Flavor: r-patched-solaris-x86

Version: 0.1.3
Check: re-building of vignette outputs
Result: WARN
    Error(s) in re-building vignettes:
     ...
    --- re-building ‘CPMandPERT.Rmd’ using rmarkdown
    Warning in engine$weave(file, quiet = quiet, encoding = enc) :
     Pandoc (>= 1.12.3) not available. Falling back to R Markdown v1.
    Quitting from lines 147-148 (CPMandPERT.Rmd)
    Error: processing vignette 'CPMandPERT.Rmd' failed with diagnostics:
    polygon edge not found
    --- failed re-building ‘CPMandPERT.Rmd’
    
    --- re-building ‘LESS.Rmd’ using rmarkdown
    Warning in engine$weave(file, quiet = quiet, encoding = enc) :
     Pandoc (>= 1.12.3) not available. Falling back to R Markdown v1.
    Quitting from lines 127-128 (LESS.Rmd)
    Error: processing vignette 'LESS.Rmd' failed with diagnostics:
    polygon edge not found
    --- failed re-building ‘LESS.Rmd’
    
    SUMMARY: processing the following files failed:
     ‘CPMandPERT.Rmd’ ‘LESS.Rmd’
    
    Error: Vignette re-building failed.
    Execution halted
Flavor: r-release-macos-arm64

Version: 0.1.3
Check: re-building of vignette outputs
Result: WARN
    Error(s) in re-building vignettes:
     ...
    --- re-building ‘CPMandPERT.Rmd’ using rmarkdown
    Warning in engine$weave(file, quiet = quiet, encoding = enc) :
     Pandoc (>= 1.12.3) not available. Falling back to R Markdown v1.
    Quitting from lines 104-106 (CPMandPERT.Rmd)
    Error: processing vignette 'CPMandPERT.Rmd' failed with diagnostics:
    invalid 'path' argument
    --- failed re-building ‘CPMandPERT.Rmd’
    
    --- re-building ‘LESS.Rmd’ using rmarkdown
    Warning in engine$weave(file, quiet = quiet, encoding = enc) :
     Pandoc (>= 1.12.3) not available. Falling back to R Markdown v1.
    Quitting from lines 62-64 (LESS.Rmd)
    Error: processing vignette 'LESS.Rmd' failed with diagnostics:
    invalid 'path' argument
    --- failed re-building ‘LESS.Rmd’
    
    SUMMARY: processing the following files failed:
     ‘CPMandPERT.Rmd’ ‘LESS.Rmd’
    
    Error: Vignette re-building failed.
    Execution halted
Flavors: r-release-macos-x86_64, r-oldrel-macos-x86_64