CRAN Package Check Results for Package cropZoning

Last updated on 2021-09-23 22:55:50 CEST.

Flavor Version Tinstall Tcheck Ttotal Status Flags
r-devel-linux-x86_64-debian-clang 1.0.1 11.26 99.88 111.14 NOTE
r-devel-linux-x86_64-debian-gcc 1.0.1 10.02 73.96 83.98 NOTE
r-devel-linux-x86_64-fedora-clang 1.0.1 140.50 NOTE
r-devel-linux-x86_64-fedora-gcc 1.0.1 127.52 NOTE
r-devel-windows-x86_64 1.0.1 13.00 84.00 97.00 NOTE
r-devel-windows-x86_64-gcc10-UCRT 1.0.1 NOTE
r-patched-linux-x86_64 1.0.1 10.63 92.55 103.18 NOTE
r-patched-solaris-x86 1.0.1 189.50 NOTE
r-release-linux-x86_64 1.0.1 8.40 92.22 100.62 NOTE
r-release-macos-arm64 1.0.1 NOTE
r-release-macos-x86_64 1.0.1 NOTE
r-release-windows-ix86+x86_64 1.0.1 28.00 81.00 109.00 NOTE
r-oldrel-macos-x86_64 1.0.1 OK
r-oldrel-windows-ix86+x86_64 1.0.1 18.00 80.00 98.00 OK

Check Details

Version: 1.0.1
Check: LazyData
Result: NOTE
     'LazyData' is specified without a 'data' directory
Flavors: r-devel-linux-x86_64-debian-clang, r-devel-linux-x86_64-debian-gcc, r-devel-linux-x86_64-fedora-clang, r-devel-linux-x86_64-fedora-gcc, r-devel-windows-x86_64, r-devel-windows-x86_64-gcc10-UCRT, r-patched-linux-x86_64, r-patched-solaris-x86, r-release-linux-x86_64, r-release-macos-arm64, r-release-macos-x86_64, r-release-windows-ix86+x86_64