CRAN Package Check Results for Package crossdes

Last updated on 2021-11-30 06:49:21 CET.

Flavor Version Tinstall Tcheck Ttotal Status Flags
r-devel-linux-x86_64-debian-clang 1.1-1 2.99 28.04 31.03 NOTE
r-devel-linux-x86_64-debian-gcc 1.1-1 2.50 22.55 25.05 NOTE
r-devel-linux-x86_64-fedora-clang 1.1-1 48.73 NOTE
r-devel-linux-x86_64-fedora-gcc 1.1-1 38.47 NOTE
r-devel-windows-x86_64-new-UL 1.1-1 8.00 64.00 72.00 NOTE
r-devel-windows-x86_64-new-TK 1.1-1 NOTE
r-devel-windows-x86_64-old 1.1-1 5.00 35.00 40.00 NOTE
r-patched-linux-x86_64 1.1-1 3.05 26.92 29.97 NOTE
r-patched-solaris-x86 1.1-1 56.40 NOTE
r-release-linux-x86_64 1.1-1 2.79 27.44 30.23 NOTE
r-release-macos-arm64 1.1-1 NOTE
r-release-macos-x86_64 1.1-1 NOTE
r-release-windows-ix86+x86_64 1.1-1 6.00 36.00 42.00 NOTE
r-oldrel-macos-x86_64 1.1-1 NOTE
r-oldrel-windows-ix86+x86_64 1.1-1 5.00 36.00 41.00 NOTE

Check Details

Version: 1.1-1
Check: R code for possible problems
Result: NOTE
    get.plan: no visible global function definition for 'menu'
    Undefined global functions or variables:
     menu
    Consider adding
     importFrom("utils", "menu")
    to your NAMESPACE file.
Flavors: r-devel-linux-x86_64-debian-clang, r-devel-linux-x86_64-debian-gcc, r-devel-linux-x86_64-fedora-clang, r-devel-linux-x86_64-fedora-gcc, r-devel-windows-x86_64-new-UL, r-devel-windows-x86_64-new-TK, r-devel-windows-x86_64-old, r-patched-linux-x86_64, r-patched-solaris-x86, r-release-linux-x86_64, r-release-macos-arm64, r-release-macos-x86_64, r-release-windows-ix86+x86_64, r-oldrel-macos-x86_64, r-oldrel-windows-ix86+x86_64