CRAN Package Check Results for Package crrstep

Last updated on 2021-12-02 09:55:05 CET.

Flavor Version Tinstall Tcheck Ttotal Status Flags
r-devel-linux-x86_64-debian-clang 2015-2.1 8.15 66.72 74.87 NOTE
r-devel-linux-x86_64-debian-gcc 2015-2.1 5.68 52.28 57.96 NOTE
r-devel-linux-x86_64-fedora-clang 2015-2.1 100.99 NOTE
r-devel-linux-x86_64-fedora-gcc 2015-2.1 89.89 NOTE
r-devel-windows-x86_64-new-UL 2015-2.1 13.00 80.00 93.00 NOTE
r-devel-windows-x86_64-new-TK 2015-2.1 NOTE
r-devel-windows-x86_64-old 2015-2.1 12.00 69.00 81.00 NOTE
r-patched-linux-x86_64 2015-2.1 8.78 65.01 73.79 NOTE
r-patched-solaris-x86 2015-2.1 133.50 NOTE
r-release-linux-x86_64 2015-2.1 6.79 64.51 71.30 NOTE
r-release-macos-arm64 2015-2.1 NOTE
r-release-macos-x86_64 2015-2.1 NOTE
r-release-windows-ix86+x86_64 2015-2.1 16.00 89.00 105.00 NOTE
r-oldrel-macos-x86_64 2015-2.1 NOTE
r-oldrel-windows-ix86+x86_64 2015-2.1 17.00 90.00 107.00 NOTE

Check Details

Version: 2015-2.1
Check: R code for possible problems
Result: NOTE
    crrstep : crr.makecov1: no visible global function definition for
     'model.matrix'
    crrstep : crr.dropterm: no visible global function definition for
     'terms'
    crrstep : crr.dropterm: no visible global function definition for
     'as.formula'
    crrstep : crr.addterm: no visible global function definition for
     'terms'
    crrstep : crr.addterm: no visible global function definition for
     'as.formula'
    crrstep: no visible global function definition for 'as.formula'
    crrstep: no visible global function definition for 'terms'
    crrstep: no visible global function definition for 'model.frame'
    crrstep: no visible binding for global variable 'na.pass'
    crrstep: no visible global function definition for 'update'
    crrstep: no visible global function definition for 'drop.terms'
    Undefined global functions or variables:
     as.formula drop.terms model.frame model.matrix na.pass terms update
    Consider adding
     importFrom("stats", "as.formula", "drop.terms", "model.frame",
     "model.matrix", "na.pass", "terms", "update")
    to your NAMESPACE file.
Flavors: r-devel-linux-x86_64-debian-clang, r-devel-linux-x86_64-debian-gcc, r-devel-linux-x86_64-fedora-clang, r-devel-linux-x86_64-fedora-gcc, r-devel-windows-x86_64-new-UL, r-devel-windows-x86_64-new-TK, r-devel-windows-x86_64-old, r-patched-linux-x86_64, r-patched-solaris-x86, r-release-linux-x86_64, r-release-macos-arm64, r-release-macos-x86_64, r-release-windows-ix86+x86_64, r-oldrel-macos-x86_64, r-oldrel-windows-ix86+x86_64