CRAN Package Check Results for Package crsuggest

Last updated on 2021-11-30 06:49:21 CET.

Flavor Version Tinstall Tcheck Ttotal Status Flags
r-devel-linux-x86_64-debian-clang 0.3.1 33.68 245.15 278.83 OK
r-devel-linux-x86_64-debian-gcc 0.3.1 31.35 181.34 212.69 OK
r-devel-linux-x86_64-fedora-clang 0.3.1 351.52 NOTE
r-devel-linux-x86_64-fedora-gcc 0.3.1 335.28 OK
r-devel-windows-x86_64-new-UL 0.3.1 60.00 271.00 331.00 NOTE
r-devel-windows-x86_64-new-TK 0.3.1 OK
r-devel-windows-x86_64-old 0.3.1 56.00 188.00 244.00 NOTE
r-patched-linux-x86_64 0.3.1 34.62 234.34 268.96 OK
r-patched-solaris-x86 0.3.1 455.90 NOTE
r-release-linux-x86_64 0.3.1 33.96 236.02 269.98 OK
r-release-macos-arm64 0.3.1 NOTE
r-release-macos-x86_64 0.3.1 NOTE
r-release-windows-ix86+x86_64 0.3.1 81.00 197.00 278.00 NOTE
r-oldrel-macos-x86_64 0.3.1 NOTE
r-oldrel-windows-ix86+x86_64 0.3.1 56.00 192.00 248.00 NOTE

Check Details

Version: 0.3.1
Check: installed package size
Result: NOTE
     installed size is 5.8Mb
     sub-directories of 1Mb or more:
     data 5.7Mb
Flavors: r-devel-linux-x86_64-fedora-clang, r-devel-windows-x86_64-new-UL, r-devel-windows-x86_64-old, r-patched-solaris-x86, r-release-macos-arm64, r-release-macos-x86_64, r-release-windows-ix86+x86_64, r-oldrel-macos-x86_64, r-oldrel-windows-ix86+x86_64