CRAN Package Check Results for Package csmpv

Last updated on 2024-06-13 06:57:58 CEST.

Flavor Version Tinstall Tcheck Ttotal Status Flags
r-devel-linux-x86_64-debian-clang 1.0.3 18.45 527.58 546.03 OK
r-devel-linux-x86_64-debian-gcc 1.0.3 1.01 1.96 2.97 ERROR
r-devel-linux-x86_64-fedora-clang 1.0.3 702.54 NOTE
r-devel-linux-x86_64-fedora-gcc 1.0.3 655.68 OK
r-devel-windows-x86_64 1.0.3 17.00 329.00 346.00 NOTE
r-patched-linux-x86_64 1.0.3 17.93 509.71 527.64 OK
r-release-linux-x86_64 1.0.3 19.20 515.08 534.28 OK
r-release-macos-arm64 1.0.3 148.00 NOTE
r-release-macos-x86_64 1.0.3 244.00 NOTE
r-release-windows-x86_64 1.0.3 18.00 335.00 353.00 NOTE
r-oldrel-macos-arm64 1.0.3 128.00 NOTE
r-oldrel-macos-x86_64 1.0.3 186.00 NOTE
r-oldrel-windows-x86_64 1.0.3 22.00 453.00 475.00 NOTE

Check Details

Version: 1.0.3
Check: package dependencies
Result: ERROR Packages required but not available: 'Hmisc', 'rms', 'forestmodel', 'ggplot2', 'ggpubr', 'survminer' Package suggested but not available for checking: ‘devtools’ See section ‘The DESCRIPTION file’ in the ‘Writing R Extensions’ manual. Flavor: r-devel-linux-x86_64-debian-gcc

Version: 1.0.3
Check: installed package size
Result: NOTE installed size is 8.2Mb sub-directories of 1Mb or more: doc 7.9Mb Flavors: r-devel-linux-x86_64-fedora-clang, r-devel-windows-x86_64, r-release-macos-arm64, r-release-macos-x86_64, r-release-windows-x86_64, r-oldrel-macos-arm64, r-oldrel-macos-x86_64, r-oldrel-windows-x86_64