CRAN Package Check Results for Package csrplus

Last updated on 2021-10-19 22:53:52 CEST.

Flavor Version Tinstall Tcheck Ttotal Status Flags
r-devel-linux-x86_64-debian-clang 1.03-0 2.83 29.66 32.49 NOTE
r-devel-linux-x86_64-debian-gcc 1.03-0 2.45 23.04 25.49 NOTE
r-devel-linux-x86_64-fedora-clang 1.03-0 51.00 NOTE
r-devel-linux-x86_64-fedora-gcc 1.03-0 39.66 NOTE
r-devel-windows-x86_64 1.03-0 6.00 48.00 54.00 NOTE
r-devel-windows-x86_64-gcc10-UCRT 1.03-0 NOTE
r-patched-linux-x86_64 1.03-0 2.76 28.31 31.07 NOTE
r-patched-solaris-x86 1.03-0 67.10 NOTE
r-release-linux-x86_64 1.03-0 2.80 29.32 32.12 NOTE
r-release-macos-arm64 1.03-0 NOTE
r-release-macos-x86_64 1.03-0 NOTE
r-release-windows-ix86+x86_64 1.03-0 5.00 54.00 59.00 NOTE
r-oldrel-macos-x86_64 1.03-0 NOTE
r-oldrel-windows-ix86+x86_64 1.03-0 8.00 48.00 56.00 NOTE

Check Details

Version: 1.03-0
Check: R code for possible problems
Result: NOTE
    pielou: no visible global function definition for 'runif'
    Undefined global functions or variables:
     runif
    Consider adding
     importFrom("stats", "runif")
    to your NAMESPACE file.
Flavors: r-devel-linux-x86_64-debian-clang, r-devel-linux-x86_64-debian-gcc, r-devel-linux-x86_64-fedora-clang, r-devel-linux-x86_64-fedora-gcc, r-devel-windows-x86_64, r-devel-windows-x86_64-gcc10-UCRT, r-patched-linux-x86_64, r-patched-solaris-x86, r-release-linux-x86_64, r-release-macos-arm64, r-release-macos-x86_64, r-release-windows-ix86+x86_64, r-oldrel-macos-x86_64, r-oldrel-windows-ix86+x86_64