CRAN Package Check Results for Package ctmm

Last updated on 2021-10-24 07:57:15 CEST.

Flavor Version Tinstall Tcheck Ttotal Status Flags
r-devel-linux-x86_64-debian-clang 0.6.1 51.31 506.96 558.27 OK --no-vignettes
r-devel-linux-x86_64-debian-gcc 0.6.1 43.70 385.83 429.53 OK --no-vignettes
r-devel-linux-x86_64-fedora-clang 0.6.1 696.17 OK --no-vignettes
r-devel-linux-x86_64-fedora-gcc 0.6.1 668.13 OK --no-vignettes
r-devel-windows-x86_64 0.6.1 127.00 717.00 844.00 OK --no-vignettes
r-devel-windows-x86_64-gcc10-UCRT 0.6.1 FAIL
r-patched-linux-x86_64 0.6.1 51.48 490.92 542.40 OK --no-vignettes
r-patched-solaris-x86 0.6.1 790.00 OK --no-vignettes
r-release-linux-x86_64 0.6.1 51.81 489.57 541.38 OK --no-vignettes
r-release-macos-arm64 0.6.1 OK
r-release-macos-x86_64 0.6.1 OK
r-release-windows-ix86+x86_64 0.6.1 160.00 711.00 871.00 OK --no-vignettes
r-oldrel-macos-x86_64 0.6.1 OK
r-oldrel-windows-ix86+x86_64 0.6.1 314.00 567.00 881.00 OK --no-vignettes

Check Details

Version: 0.6.1
Check: re-building of vignette outputs
Result: FAIL
Flavor: r-devel-windows-x86_64-gcc10-UCRT