CRAN Package Check Results for Package curl

Last updated on 2021-09-27 07:49:25 CEST.

Flavor Version Tinstall Tcheck Ttotal Status Flags
r-devel-linux-x86_64-debian-clang 4.3.2 6.96 39.84 46.80 NOTE
r-devel-linux-x86_64-debian-gcc 4.3.2 4.56 30.90 35.46 NOTE
r-devel-linux-x86_64-fedora-clang 4.3.2 64.23 NOTE
r-devel-linux-x86_64-fedora-gcc 4.3.2 53.64 NOTE
r-devel-windows-x86_64 4.3.2 1.00 8.00 9.00 ERROR
r-devel-windows-x86_64-gcc10-UCRT 4.3.2 NOTE
r-patched-linux-x86_64 4.3.2 6.25 38.75 45.00 NOTE
r-patched-solaris-x86 4.3.2 75.30 NOTE
r-release-linux-x86_64 4.3.2 5.81 38.46 44.27 NOTE
r-release-macos-arm64 4.3.2 NOTE
r-release-macos-x86_64 4.3.2 NOTE
r-release-windows-ix86+x86_64 4.3.2 87.00 239.00 326.00 NOTE
r-oldrel-macos-x86_64 4.3.2 NOTE
r-oldrel-windows-ix86+x86_64 4.3.2 82.00 250.00 332.00 NOTE

Check Details

Version: 4.3.2
Check: compiled code
Result: NOTE
    File 'curl/libs/curl.so':
     Found non-API call to R: 'R_new_custom_connection'
    
    Compiled code should not call non-API entry points in R.
    
    See 'Writing portable packages' in the 'Writing R Extensions' manual.
Flavors: r-devel-linux-x86_64-debian-clang, r-devel-linux-x86_64-debian-gcc, r-devel-linux-x86_64-fedora-clang, r-devel-linux-x86_64-fedora-gcc, r-patched-linux-x86_64, r-patched-solaris-x86, r-release-linux-x86_64, r-release-macos-arm64, r-release-macos-x86_64, r-oldrel-macos-x86_64

Version: 4.3.2
Check: whether package can be installed
Result: ERROR
    Installation failed.
Flavor: r-devel-windows-x86_64

Version: 4.3.2
Check: compiled code
Result: NOTE
    File 'curl/libs/x64/curl.dll':
     Found non-API call to R: 'R_new_custom_connection'
    
    Compiled code should not call non-API entry points in R.
    
    See 'Writing portable packages' in the 'Writing R Extensions' manual.
Flavor: r-devel-windows-x86_64-gcc10-UCRT

Version: 4.3.2
Check: installed package size
Result: NOTE
     installed size is 9.5Mb
     sub-directories of 1Mb or more:
     doc 2.1Mb
     libs 7.2Mb
Flavors: r-release-windows-ix86+x86_64, r-oldrel-windows-ix86+x86_64

Version: 4.3.2
Check: compiled code
Result: NOTE
    File 'curl/libs/i386/curl.dll':
     Found non-API call to R: 'R_new_custom_connection'
    File 'curl/libs/x64/curl.dll':
     Found non-API call to R: 'R_new_custom_connection'
    
    Compiled code should not call non-API entry points in R.
    
    See 'Writing portable packages' in the 'Writing R Extensions' manual.
Flavors: r-release-windows-ix86+x86_64, r-oldrel-windows-ix86+x86_64