CRAN Package Check Results for Package curveDepth

Last updated on 2021-09-22 04:54:50 CEST.

Flavor Version Tinstall Tcheck Ttotal Status Flags
r-devel-linux-x86_64-debian-clang 0.1.0.9 67.16 34.25 101.41 OK
r-devel-linux-x86_64-debian-gcc 0.1.0.9 42.39 27.51 69.90 OK
r-devel-linux-x86_64-fedora-clang 0.1.0.9 141.03 OK
r-devel-linux-x86_64-fedora-gcc 0.1.0.9 122.60 OK
r-devel-windows-x86_64 0.1.0.9 57.00 55.00 112.00 OK
r-devel-windows-x86_64-gcc10-UCRT 0.1.0.9 ERROR
r-patched-linux-x86_64 0.1.0.9 52.69 33.31 86.00 OK
r-patched-solaris-x86 0.1.0.9 130.00 OK
r-release-linux-x86_64 0.1.0.9 52.27 33.37 85.64 OK
r-release-macos-arm64 0.1.0.9 OK
r-release-macos-x86_64 0.1.0.9 OK
r-release-windows-ix86+x86_64 0.1.0.9 146.00 65.00 211.00 OK
r-oldrel-macos-x86_64 0.1.0.9 OK
r-oldrel-windows-ix86+x86_64 0.1.0.9 139.00 72.00 211.00 OK

Check Details

Version: 0.1.0.9
Check: whether package can be installed
Result: ERROR
    Installation failed.
Flavor: r-devel-windows-x86_64-gcc10-UCRT