CRAN Package Check Results for Package cvCovEst

Last updated on 2021-09-19 16:48:50 CEST.

Flavor Version Tinstall Tcheck Ttotal Status Flags
r-devel-linux-x86_64-debian-clang 1.0.0 14.15 253.57 267.72 OK
r-devel-linux-x86_64-debian-gcc 1.0.0 11.78 144.21 155.99 OK
r-devel-linux-x86_64-fedora-clang 1.0.0 276.65 OK
r-devel-linux-x86_64-fedora-gcc 1.0.0 243.44 OK
r-devel-windows-x86_64 1.0.0 18.00 232.00 250.00 OK
r-devel-windows-x86_64-gcc10-UCRT 1.0.0 ERROR
r-patched-linux-x86_64 1.0.0 12.87 190.50 203.37 OK
r-patched-solaris-x86 1.0.0 282.50 OK
r-release-linux-x86_64 1.0.0 15.10 190.12 205.22 OK
r-release-macos-arm64 1.0.0 OK
r-release-macos-x86_64 1.0.0 OK
r-release-windows-ix86+x86_64 1.0.0 34.00 165.00 199.00 OK
r-oldrel-macos-x86_64 1.0.0 OK
r-oldrel-windows-ix86+x86_64 1.0.0 32.00 237.00 269.00 OK

Check Details

Version: 1.0.0
Check: whether package can be installed
Result: WARN
    Found the following significant warnings:
     WARNING: installation-time patches will not be applied, could not get the patches index
Flavor: r-devel-windows-x86_64-gcc10-UCRT

Version: 1.0.0
Check: PDF version of manual
Result: WARN
    LaTeX errors when creating PDF version.
    This typically indicates Rd problems.
Flavor: r-devel-windows-x86_64-gcc10-UCRT

Version: 1.0.0
Check: PDF version of manual without hyperrefs or index
Result: ERROR
    Re-running with no redirection of stdout/stderr.
Flavor: r-devel-windows-x86_64-gcc10-UCRT