CRAN Package Check Results for Package cwm

Last updated on 2021-07-29 13:53:26 CEST.

Flavor Version Tinstall Tcheck Ttotal Status Flags
r-devel-linux-x86_64-debian-clang 0.0.3 NOTE
r-devel-linux-x86_64-debian-gcc 0.0.3 2.62 47.50 50.12 NOTE
r-devel-linux-x86_64-fedora-clang 0.0.3 82.43 NOTE
r-devel-linux-x86_64-fedora-gcc 0.0.3 72.32 NOTE
r-devel-windows-x86_64 0.0.3 5.00 77.00 82.00 NOTE
r-devel-windows-x86_64-gcc10-UCRT 0.0.3 NOTE
r-patched-linux-x86_64 0.0.3 3.66 58.56 62.22 NOTE
r-patched-solaris-x86 0.0.3 105.10 NOTE
r-release-linux-x86_64 0.0.3 3.33 57.93 61.26 NOTE
r-release-macos-arm64 0.0.3 NOTE
r-release-macos-x86_64 0.0.3 NOTE
r-release-windows-ix86+x86_64 0.0.3 7.00 58.00 65.00 NOTE
r-oldrel-macos-x86_64 0.0.3 NOTE
r-oldrel-windows-ix86+x86_64 0.0.3 6.00 77.00 83.00 NOTE

Check Details

Version: 0.0.3
Check: R code for possible problems
Result: NOTE
    .mixgauss_init: no visible global function definition for 'cov'
    .mixgauss_init: no visible global function definition for 'var'
    Undefined global functions or variables:
     cov var
    Consider adding
     importFrom("stats", "cov", "var")
    to your NAMESPACE file.
Flavors: r-devel-linux-x86_64-debian-clang, r-devel-linux-x86_64-debian-gcc, r-devel-linux-x86_64-fedora-clang, r-devel-linux-x86_64-fedora-gcc, r-devel-windows-x86_64, r-devel-windows-x86_64-gcc10-UCRT, r-patched-linux-x86_64, r-patched-solaris-x86, r-release-linux-x86_64, r-release-macos-arm64, r-release-macos-x86_64, r-release-windows-ix86+x86_64, r-oldrel-macos-x86_64, r-oldrel-windows-ix86+x86_64