CRAN Package Check Results for Package data.table

Last updated on 2021-09-18 16:50:48 CEST.

Flavor Version Tinstall Tcheck Ttotal Status Flags
r-devel-linux-x86_64-debian-clang 1.14.0 39.22 139.56 178.78 OK --no-tests
r-devel-linux-x86_64-debian-gcc 1.14.0 30.31 99.92 130.23 OK --no-tests
r-devel-linux-x86_64-fedora-clang 1.14.0 24.92 ERROR
r-devel-linux-x86_64-fedora-gcc 1.14.0 395.69 OK
r-devel-windows-x86_64 1.14.0 58.00 483.00 541.00 OK
r-devel-windows-x86_64-gcc10-UCRT 1.14.0 OK --no-tests
r-patched-linux-x86_64 1.14.0 37.74 131.10 168.84 OK --no-tests
r-patched-solaris-x86 1.14.0 560.90 OK
r-release-linux-x86_64 1.14.0 37.03 132.25 169.28 OK --no-tests
r-release-macos-arm64 1.14.0 OK
r-release-macos-x86_64 1.14.0 OK
r-release-windows-ix86+x86_64 1.14.0 114.00 592.00 706.00 OK
r-oldrel-macos-x86_64 1.14.0 OK
r-oldrel-windows-ix86+x86_64 1.14.0 112.00 845.00 957.00 OK

Check Details

Version: 1.14.0
Check: whether package can be installed
Result: ERROR
    Installation failed.
Flavor: r-devel-linux-x86_64-fedora-clang