CRAN Package Check Results for Package data.validator

Last updated on 2024-07-13 04:48:34 CEST.

Flavor Version Tinstall Tcheck Ttotal Status Flags
r-devel-linux-x86_64-debian-clang 0.2.1 7.79 57.06 64.85 OK
r-devel-linux-x86_64-debian-gcc 0.2.1 5.75 42.04 47.79 OK
r-devel-linux-x86_64-fedora-clang 0.2.1 79.15 NOTE
r-devel-linux-x86_64-fedora-gcc 0.2.1 73.48 OK
r-devel-windows-x86_64 0.2.1 9.00 65.00 74.00 OK
r-patched-linux-x86_64 0.2.1 7.33 54.05 61.38 OK
r-release-linux-x86_64 0.2.1 4.21 53.14 57.35 OK
r-release-macos-arm64 0.2.1 26.00 OK
r-release-macos-x86_64 0.2.1 39.00 OK
r-release-windows-x86_64 0.2.1 8.00 64.00 72.00 OK
r-oldrel-macos-arm64 0.2.1 35.00 OK
r-oldrel-macos-x86_64 0.2.1 50.00 OK
r-oldrel-windows-x86_64 0.2.1 9.00 73.00 82.00 OK

Check Details

Version: 0.2.1
Check: Rd cross-references
Result: NOTE Undeclared package ‘tidyselect’ in Rd xrefs Flavor: r-devel-linux-x86_64-fedora-clang