CRAN Package Check Results for Package dataMeta

Last updated on 2021-07-29 13:53:26 CEST.

Flavor Version Tinstall Tcheck Ttotal Status Flags
r-devel-linux-x86_64-debian-clang 0.1.1 NOTE
r-devel-linux-x86_64-debian-gcc 0.1.1 1.80 21.25 23.05 NOTE
r-devel-linux-x86_64-fedora-clang 0.1.1 44.29 NOTE
r-devel-linux-x86_64-fedora-gcc 0.1.1 34.57 NOTE
r-devel-windows-x86_64 0.1.1 3.00 43.00 46.00 OK
r-devel-windows-x86_64-gcc10-UCRT 0.1.1 OK
r-patched-linux-x86_64 0.1.1 2.19 25.76 27.95 NOTE
r-patched-solaris-x86 0.1.1 51.10 NOTE
r-release-linux-x86_64 0.1.1 1.94 25.71 27.65 NOTE
r-release-macos-arm64 0.1.1 OK
r-release-macos-x86_64 0.1.1 OK
r-release-windows-ix86+x86_64 0.1.1 5.00 46.00 51.00 OK
r-oldrel-macos-x86_64 0.1.1 OK
r-oldrel-windows-ix86+x86_64 0.1.1 5.00 42.00 47.00 OK

Check Details

Version: 0.1.1
Check: for non-standard things in the check directory
Result: NOTE
    Found the following files/directories:
     'my new data set.rds'
Flavors: r-devel-linux-x86_64-debian-clang, r-devel-linux-x86_64-debian-gcc, r-devel-linux-x86_64-fedora-clang, r-devel-linux-x86_64-fedora-gcc, r-patched-linux-x86_64, r-patched-solaris-x86, r-release-linux-x86_64