CRAN Package Check Results for Package datacleanr

Last updated on 2021-09-22 10:51:28 CEST.

Flavor Version Tinstall Tcheck Ttotal Status Flags
r-devel-linux-x86_64-debian-clang 1.0.1 5.17 42.22 47.39 NOTE
r-devel-linux-x86_64-debian-gcc 1.0.1 4.11 32.18 36.29 NOTE
r-devel-linux-x86_64-fedora-clang 1.0.1 64.48 NOTE
r-devel-linux-x86_64-fedora-gcc 1.0.1 54.85 NOTE
r-devel-windows-x86_64 1.0.1 8.00 50.00 58.00 NOTE
r-devel-windows-x86_64-gcc10-UCRT 1.0.1 ERROR
r-patched-linux-x86_64 1.0.1 10.47 40.15 50.62 NOTE
r-patched-solaris-x86 1.0.1 79.30 NOTE
r-release-linux-x86_64 1.0.1 4.87 40.43 45.30 NOTE
r-release-macos-arm64 1.0.1 NOTE
r-release-macos-x86_64 1.0.1 NOTE
r-release-windows-ix86+x86_64 1.0.1 10.00 40.00 50.00 NOTE
r-oldrel-macos-x86_64 1.0.1 OK
r-oldrel-windows-ix86+x86_64 1.0.1 7.00 42.00 49.00 OK

Check Details

Version: 1.0.1
Check: LazyData
Result: NOTE
     'LazyData' is specified without a 'data' directory
Flavors: r-devel-linux-x86_64-debian-clang, r-devel-linux-x86_64-debian-gcc, r-devel-linux-x86_64-fedora-clang, r-devel-linux-x86_64-fedora-gcc, r-devel-windows-x86_64, r-devel-windows-x86_64-gcc10-UCRT, r-patched-linux-x86_64, r-patched-solaris-x86, r-release-linux-x86_64, r-release-macos-arm64, r-release-macos-x86_64, r-release-windows-ix86+x86_64

Version: 1.0.1
Check: PDF version of manual
Result: WARN
    LaTeX errors when creating PDF version.
    This typically indicates Rd problems.
Flavor: r-devel-windows-x86_64-gcc10-UCRT

Version: 1.0.1
Check: PDF version of manual without hyperrefs or index
Result: ERROR
    Re-running with no redirection of stdout/stderr.
Flavor: r-devel-windows-x86_64-gcc10-UCRT