CRAN Package Check Results for Package datapackage.r

Last updated on 2021-09-19 19:49:56 CEST.

Flavor Version Tinstall Tcheck Ttotal Status Flags
r-devel-linux-x86_64-debian-clang 1.3.3 7.65 99.33 106.98 OK
r-devel-linux-x86_64-debian-gcc 1.3.3 6.87 71.85 78.72 OK
r-devel-linux-x86_64-fedora-gcc 1.3.3 136.53 NOTE
r-devel-windows-x86_64 1.3.3 9.00 140.00 149.00 OK
r-devel-windows-x86_64-gcc10-UCRT 1.3.3 ERROR
r-patched-linux-x86_64 1.3.3 11.33 102.60 113.93 OK
r-patched-solaris-x86 1.3.3 178.60 NOTE
r-release-linux-x86_64 1.3.3 7.34 101.53 108.87 OK
r-release-macos-arm64 1.3.3 NOTE
r-release-macos-x86_64 1.3.3 NOTE
r-release-windows-ix86+x86_64 1.3.3 14.00 151.00 165.00 OK
r-oldrel-macos-x86_64 1.3.3 NOTE
r-oldrel-windows-ix86+x86_64 1.3.3 15.00 191.00 206.00 OK

Check Details

Version: 1.3.3
Check: dependencies in R code
Result: NOTE
    Namespaces in Imports field not imported from:
     ‘future’ ‘iterators’ ‘readr’
     All declared Imports should be used.
Flavors: r-devel-linux-x86_64-fedora-gcc, r-patched-solaris-x86, r-release-macos-arm64, r-release-macos-x86_64, r-oldrel-macos-x86_64

Version: 1.3.3
Check: package dependencies
Result: ERROR
    Packages required but not available: 'rlist', 'tableschema.r'
    
    See section 'The DESCRIPTION file' in the 'Writing R Extensions'
    manual.
Flavor: r-devel-windows-x86_64-gcc10-UCRT