CRAN Package Check Results for Package dclone

Last updated on 2021-10-16 04:57:25 CEST.

Flavor Version Tinstall Tcheck Ttotal Status Flags
r-devel-linux-x86_64-debian-clang 2.3-0 14.79 136.28 151.07 OK
r-devel-linux-x86_64-debian-gcc 2.3-0 13.99 102.43 116.42 OK
r-devel-linux-x86_64-fedora-clang 2.3-0 204.13 OK
r-devel-linux-x86_64-fedora-gcc 2.3-0 190.41 OK
r-devel-windows-x86_64 2.3-0 26.00 134.00 160.00 OK
r-devel-windows-x86_64-gcc10-UCRT 2.3-0 NOTE
r-patched-linux-x86_64 2.3-0 18.38 129.75 148.13 OK
r-patched-solaris-x86 2.3-0 264.40 NOTE
r-release-linux-x86_64 2.3-0 13.21 129.53 142.74 OK
r-release-macos-arm64 2.3-0 NOTE
r-release-macos-x86_64 2.3-0 NOTE
r-release-windows-ix86+x86_64 2.3-0 40.00 181.00 221.00 OK
r-oldrel-macos-x86_64 2.3-0 NOTE
r-oldrel-windows-ix86+x86_64 2.3-0 39.00 180.00 219.00 OK

Check Details

Version: 2.3-0
Check: package dependencies
Result: NOTE
    Package suggested but not available for checking: 'BRugs'
Flavors: r-devel-windows-x86_64-gcc10-UCRT, r-patched-solaris-x86, r-release-macos-arm64, r-release-macos-x86_64, r-oldrel-macos-x86_64