CRAN Package Check Results for Package dcmle

Last updated on 2021-12-02 21:51:54 CET.

Flavor Version Tinstall Tcheck Ttotal Status Flags
r-devel-linux-x86_64-debian-clang 0.3-1 20.13 152.84 172.97 NOTE
r-devel-linux-x86_64-debian-gcc 0.3-1 14.29 115.69 129.98 NOTE
r-devel-linux-x86_64-fedora-clang 0.3-1 220.43 NOTE
r-devel-linux-x86_64-fedora-gcc 0.3-1 208.14 NOTE
r-devel-windows-x86_64-new-UL 0.3-1 44.00 200.00 244.00 NOTE
r-devel-windows-x86_64-new-TK 0.3-1 NOTE
r-devel-windows-x86_64-old 0.3-1 35.00 150.00 185.00 NOTE
r-patched-linux-x86_64 0.3-1 23.54 144.58 168.12 NOTE
r-patched-solaris-x86 0.3-1 342.60 NOTE
r-release-linux-x86_64 0.3-1 18.73 144.53 163.26 NOTE
r-release-macos-arm64 0.3-1 NOTE
r-release-macos-x86_64 0.3-1 NOTE
r-release-windows-ix86+x86_64 0.3-1 49.00 201.00 250.00 NOTE
r-oldrel-macos-x86_64 0.3-1 OK
r-oldrel-windows-ix86+x86_64 0.3-1 48.00 198.00 246.00 OK

Check Details

Version: 0.3-1
Check: LazyData
Result: NOTE
     'LazyData' is specified without a 'data' directory
Flavors: r-devel-linux-x86_64-debian-clang, r-devel-linux-x86_64-debian-gcc, r-devel-linux-x86_64-fedora-clang, r-devel-linux-x86_64-fedora-gcc, r-devel-windows-x86_64-new-UL, r-devel-windows-x86_64-new-TK, r-devel-windows-x86_64-old, r-patched-linux-x86_64, r-patched-solaris-x86, r-release-linux-x86_64, r-release-macos-arm64, r-release-macos-x86_64, r-release-windows-ix86+x86_64