CRAN Package Check Results for Package debar

Last updated on 2021-10-17 07:50:39 CEST.

Flavor Version Tinstall Tcheck Ttotal Status Flags
r-devel-linux-x86_64-debian-clang 0.1.0 3.47 144.15 147.62 NOTE
r-devel-linux-x86_64-debian-gcc 0.1.0 2.72 118.84 121.56 NOTE
r-devel-linux-x86_64-fedora-clang 0.1.0 201.68 NOTE
r-devel-linux-x86_64-fedora-gcc 0.1.0 186.67 NOTE
r-devel-windows-x86_64 0.1.0 6.00 178.00 184.00 NOTE
r-devel-windows-x86_64-gcc10-UCRT 0.1.0 NOTE
r-patched-linux-x86_64 0.1.0 3.51 131.54 135.05 NOTE
r-patched-solaris-x86 0.1.0 228.20 NOTE
r-release-linux-x86_64 0.1.0 3.37 130.83 134.20 NOTE
r-release-macos-arm64 0.1.0 NOTE
r-release-macos-x86_64 0.1.0 NOTE
r-release-windows-ix86+x86_64 0.1.0 5.00 168.00 173.00 NOTE
r-oldrel-macos-x86_64 0.1.0 OK
r-oldrel-windows-ix86+x86_64 0.1.0 7.00 169.00 176.00 OK

Check Details

Version: 0.1.0
Check: LazyData
Result: NOTE
     'LazyData' is specified without a 'data' directory
Flavors: r-devel-linux-x86_64-debian-clang, r-devel-linux-x86_64-debian-gcc, r-devel-linux-x86_64-fedora-clang, r-devel-linux-x86_64-fedora-gcc, r-devel-windows-x86_64, r-devel-windows-x86_64-gcc10-UCRT, r-patched-linux-x86_64, r-patched-solaris-x86, r-release-linux-x86_64, r-release-macos-arm64, r-release-macos-x86_64, r-release-windows-ix86+x86_64