CRAN Package Check Results for Package declared

Last updated on 2021-09-22 01:48:37 CEST.

Flavor Version Tinstall Tcheck Ttotal Status Flags
r-devel-linux-x86_64-debian-clang 0.7 3.65 38.30 41.95 OK
r-devel-linux-x86_64-debian-gcc 0.7 2.95 29.40 32.35 OK
r-devel-linux-x86_64-fedora-clang 0.7 58.68 OK
r-devel-linux-x86_64-fedora-gcc 0.7 48.07 OK
r-devel-windows-x86_64 0.7 5.00 44.00 49.00 OK
r-devel-windows-x86_64-gcc10-UCRT 0.7 ERROR
r-patched-linux-x86_64 0.7 3.31 36.82 40.13 OK
r-patched-solaris-x86 0.7 69.90 OK
r-release-linux-x86_64 0.7 3.01 36.66 39.67 OK
r-release-macos-arm64 0.7 OK
r-release-macos-x86_64 0.7 OK
r-release-windows-ix86+x86_64 0.7 7.00 41.00 48.00 OK
r-oldrel-macos-x86_64 0.7 OK
r-oldrel-windows-ix86+x86_64 0.7 7.00 45.00 52.00 OK

Check Details

Version: 0.7
Check: whether package can be installed
Result: WARN
    Found the following significant warnings:
     WARNING: installation-time patches will not be applied, could not get the patches index
Flavor: r-devel-windows-x86_64-gcc10-UCRT

Version: 0.7
Check: PDF version of manual
Result: WARN
    LaTeX errors when creating PDF version.
    This typically indicates Rd problems.
Flavor: r-devel-windows-x86_64-gcc10-UCRT

Version: 0.7
Check: PDF version of manual without hyperrefs or index
Result: ERROR
    Re-running with no redirection of stdout/stderr.
Flavor: r-devel-windows-x86_64-gcc10-UCRT