CRAN Package Check Results for Package deepnet

Last updated on 2021-10-18 19:51:32 CEST.

Flavor Version Tinstall Tcheck Ttotal Status Flags
r-devel-linux-x86_64-debian-clang 0.2 2.51 23.88 26.39 NOTE
r-devel-linux-x86_64-debian-gcc 0.2 2.11 18.93 21.04 NOTE
r-devel-linux-x86_64-fedora-clang 0.2 42.68 NOTE
r-devel-linux-x86_64-fedora-gcc 0.2 32.06 NOTE
r-devel-windows-x86_64 0.2 5.00 38.00 43.00 NOTE
r-devel-windows-x86_64-gcc10-UCRT 0.2 NOTE
r-patched-linux-x86_64 0.2 2.50 23.73 26.23 NOTE
r-patched-solaris-x86 0.2 47.50 NOTE
r-release-linux-x86_64 0.2 2.34 24.01 26.35 NOTE
r-release-macos-arm64 0.2 NOTE
r-release-macos-x86_64 0.2 NOTE
r-release-windows-ix86+x86_64 0.2 5.00 29.00 34.00 NOTE
r-oldrel-macos-x86_64 0.2 NOTE
r-oldrel-windows-ix86+x86_64 0.2 4.00 29.00 33.00 NOTE

Check Details

Version: 0.2
Check: R code for possible problems
Result: NOTE
    binary.state: no visible global function definition for 'runif'
    dbn.dnn.train: no visible global function definition for 'runif'
    dropout.mask: no visible global function definition for 'runif'
    nn.train: no visible global function definition for 'runif'
    rbm.train: no visible global function definition for 'runif'
    sae.dnn.train: no visible global function definition for 'runif'
    show.digit: no visible global function definition for 'gray'
    show.digit: no visible global function definition for 'image'
    Undefined global functions or variables:
     gray image runif
    Consider adding
     importFrom("grDevices", "gray")
     importFrom("graphics", "image")
     importFrom("stats", "runif")
    to your NAMESPACE file.
Flavors: r-devel-linux-x86_64-debian-clang, r-devel-linux-x86_64-debian-gcc, r-devel-linux-x86_64-fedora-clang, r-devel-linux-x86_64-fedora-gcc, r-devel-windows-x86_64, r-devel-windows-x86_64-gcc10-UCRT, r-patched-linux-x86_64, r-patched-solaris-x86, r-release-linux-x86_64, r-release-macos-arm64, r-release-macos-x86_64, r-release-windows-ix86+x86_64, r-oldrel-macos-x86_64, r-oldrel-windows-ix86+x86_64