CRAN Package Check Results for Package deformula

Last updated on 2021-08-05 16:49:06 CEST.

Flavor Version Tinstall Tcheck Ttotal Status Flags
r-devel-linux-x86_64-debian-clang 0.1.1 4.35 21.14 25.49 OK
r-devel-linux-x86_64-debian-gcc 0.1.1 3.02 16.84 19.86 OK
r-devel-linux-x86_64-fedora-clang 0.1.1 41.56 NOTE
r-devel-linux-x86_64-fedora-gcc 0.1.1 29.40 NOTE
r-devel-windows-x86_64 0.1.1 7.00 39.00 46.00 OK
r-devel-windows-x86_64-gcc10-UCRT 0.1.1 OK
r-patched-linux-x86_64 0.1.1 4.02 20.45 24.47 OK
r-patched-solaris-x86 0.1.1 47.80 OK
r-release-linux-x86_64 0.1.1 3.60 20.49 24.09 OK
r-release-macos-arm64 0.1.1 OK
r-release-macos-x86_64 0.1.1 OK
r-release-windows-ix86+x86_64 0.1.1 10.00 33.00 43.00 OK
r-oldrel-macos-x86_64 0.1.1 OK
r-oldrel-windows-ix86+x86_64 0.1.1 10.00 35.00 45.00 OK

Check Details

Version: 0.1.1
Check: compiled code
Result: NOTE
    File ‘deformula/libs/deformula.so’:
     Found no call to: ‘R_useDynamicSymbols’
    
    It is good practice to register native routines and to disable symbol
    search.
    
    See ‘Writing portable packages’ in the ‘Writing R Extensions’ manual.
Flavors: r-devel-linux-x86_64-fedora-clang, r-devel-linux-x86_64-fedora-gcc