CRAN Package Check Results for Package delayed

Last updated on 2021-09-26 04:50:28 CEST.

Flavor Version Tinstall Tcheck Ttotal Status Flags
r-devel-linux-x86_64-debian-clang 0.3.0 6.46 60.58 67.04 NOTE
r-devel-linux-x86_64-debian-gcc 0.3.0 5.08 45.27 50.35 NOTE
r-devel-linux-x86_64-fedora-clang 0.3.0 87.42 NOTE
r-devel-linux-x86_64-fedora-gcc 0.3.0 75.42 NOTE
r-devel-windows-x86_64 0.3.0 8.00 66.00 74.00 NOTE
r-devel-windows-x86_64-gcc10-UCRT 0.3.0 NOTE
r-patched-linux-x86_64 0.3.0 7.04 56.12 63.16 NOTE
r-patched-solaris-x86 0.3.0 118.80 NOTE
r-release-linux-x86_64 0.3.0 7.38 56.01 63.39 NOTE
r-release-macos-arm64 0.3.0 NOTE
r-release-macos-x86_64 0.3.0 WARN
r-release-windows-ix86+x86_64 0.3.0 13.00 66.00 79.00 NOTE
r-oldrel-macos-x86_64 0.3.0 WARN
r-oldrel-windows-ix86+x86_64 0.3.0 10.00 64.00 74.00 OK

Check Details

Version: 0.3.0
Check: LazyData
Result: NOTE
     'LazyData' is specified without a 'data' directory
Flavors: r-devel-linux-x86_64-debian-clang, r-devel-linux-x86_64-debian-gcc, r-devel-linux-x86_64-fedora-clang, r-devel-linux-x86_64-fedora-gcc, r-devel-windows-x86_64, r-devel-windows-x86_64-gcc10-UCRT, r-patched-linux-x86_64, r-patched-solaris-x86, r-release-linux-x86_64, r-release-macos-arm64, r-release-macos-x86_64, r-release-windows-ix86+x86_64

Version: 0.3.0
Check: dependencies in R code
Result: NOTE
    Namespace in Imports field not imported from: ‘assertthat’
     All declared Imports should be used.
Flavors: r-devel-linux-x86_64-fedora-clang, r-devel-linux-x86_64-fedora-gcc, r-devel-windows-x86_64-gcc10-UCRT, r-patched-solaris-x86, r-release-macos-arm64, r-release-macos-x86_64, r-oldrel-macos-x86_64

Version: 0.3.0
Check: re-building of vignette outputs
Result: WARN
    Error(s) in re-building vignettes:
     ...
    --- re-building ‘delayed.Rmd’ using rmarkdown
    Warning in engine$weave(file, quiet = quiet, encoding = enc) :
     Pandoc (>= 1.12.3) not available. Falling back to R Markdown v1.
    Quitting from lines 97-98 (delayed.Rmd)
    Error: processing vignette 'delayed.Rmd' failed with diagnostics:
    invalid 'path' argument
    --- failed re-building ‘delayed.Rmd’
    
    SUMMARY: processing the following file failed:
     ‘delayed.Rmd’
    
    Error: Vignette re-building failed.
    Execution halted
Flavor: r-release-macos-x86_64

Version: 0.3.0
Check: re-building of vignette outputs
Result: WARN
    Error(s) in re-building vignettes:
     ...
    --- re-building ‘delayed.Rmd’ using rmarkdown
    Warning in engine$weave(file, quiet = quiet, encoding = enc) :
     Pandoc (>= 1.12.3) and/or pandoc-citeproc not available. Falling back to R Markdown v1.
    Quitting from lines 97-98 (delayed.Rmd)
    Error: processing vignette 'delayed.Rmd' failed with diagnostics:
    cannot open the connection
    --- failed re-building ‘delayed.Rmd’
    
    SUMMARY: processing the following file failed:
     ‘delayed.Rmd’
    
    Error: Vignette re-building failed.
    Execution halted
Flavor: r-oldrel-macos-x86_64