CRAN Package Check Results for Package demu

Last updated on 2021-09-28 01:49:20 CEST.

Flavor Version Tinstall Tcheck Ttotal Status Flags
r-devel-linux-x86_64-debian-clang 0.3.0 57.27 77.24 134.51 NOTE
r-devel-linux-x86_64-debian-gcc 0.3.0 37.49 56.13 93.62 NOTE
r-devel-linux-x86_64-fedora-clang 0.3.0 175.83 NOTE
r-devel-linux-x86_64-fedora-gcc 0.3.0 154.96 NOTE
r-devel-windows-x86_64 0.3.0 49.00 81.00 130.00 NOTE
r-devel-windows-x86_64-gcc10-UCRT 0.3.0 NOTE
r-patched-linux-x86_64 0.3.0 50.37 71.52 121.89 NOTE
r-patched-solaris-x86 0.3.0 177.20 NOTE
r-release-linux-x86_64 0.3.0 42.00 71.38 113.38 NOTE
r-release-macos-arm64 0.3.0 NOTE
r-release-macos-x86_64 0.3.0 NOTE
r-release-windows-ix86+x86_64 0.3.0 119.00 110.00 229.00 NOTE
r-oldrel-macos-x86_64 0.3.0 OK
r-oldrel-windows-ix86+x86_64 0.3.0 86.00 108.00 194.00 OK

Check Details

Version: 0.3.0
Check: LazyData
Result: NOTE
     'LazyData' is specified without a 'data' directory
Flavors: r-devel-linux-x86_64-debian-clang, r-devel-linux-x86_64-debian-gcc, r-devel-linux-x86_64-fedora-clang, r-devel-linux-x86_64-fedora-gcc, r-devel-windows-x86_64, r-devel-windows-x86_64-gcc10-UCRT, r-patched-linux-x86_64, r-patched-solaris-x86, r-release-linux-x86_64, r-release-macos-arm64, r-release-macos-x86_64, r-release-windows-ix86+x86_64

Version: 0.3.0
Check: installed package size
Result: NOTE
     installed size is 5.1Mb
     sub-directories of 1Mb or more:
     libs 4.9Mb
Flavor: r-release-macos-arm64