CRAN Package Check Results for Package depigner

Last updated on 2021-09-22 10:51:29 CEST.

Flavor Version Tinstall Tcheck Ttotal Status Flags
r-devel-linux-x86_64-debian-clang 0.8.4 5.25 52.89 58.14 OK
r-devel-linux-x86_64-debian-gcc 0.8.4 4.00 40.84 44.84 OK
r-devel-linux-x86_64-fedora-clang 0.8.4 77.34 OK
r-devel-linux-x86_64-fedora-gcc 0.8.4 66.18 OK
r-devel-windows-x86_64 0.8.4 7.00 56.00 63.00 OK
r-devel-windows-x86_64-gcc10-UCRT 0.8.4 ERROR
r-patched-linux-x86_64 0.8.4 12.74 51.18 63.92 OK
r-patched-solaris-x86 0.8.4 99.70 OK
r-release-linux-x86_64 0.8.4 4.79 50.64 55.43 OK
r-release-macos-arm64 0.8.4 OK
r-release-macos-x86_64 0.8.4 OK
r-release-windows-ix86+x86_64 0.8.4 13.00 58.00 71.00 OK
r-oldrel-macos-x86_64 0.8.4 OK
r-oldrel-windows-ix86+x86_64 0.8.4 8.00 54.00 62.00 OK

Check Details

Version: 0.8.4
Check: package dependencies
Result: ERROR
    Packages required but not available: 'Hmisc', 'rms'
    
    Package suggested but not available for checking: 'spelling'
    
    See section 'The DESCRIPTION file' in the 'Writing R Extensions'
    manual.
Flavor: r-devel-windows-x86_64-gcc10-UCRT