CRAN Package Check Results for Package depmixS4

Last updated on 2021-12-09 00:51:37 CET.

Flavor Version Tinstall Tcheck Ttotal Status Flags
r-devel-linux-x86_64-debian-clang 1.5-0 9.81 129.48 139.29 NOTE
r-devel-linux-x86_64-debian-gcc 1.5-0 7.33 92.60 99.93 NOTE
r-devel-linux-x86_64-fedora-clang 1.5-0 169.60 NOTE
r-devel-linux-x86_64-fedora-gcc 1.5-0 157.67 NOTE
r-devel-windows-x86_64-new-UL 1.5-0 32.00 206.00 238.00 NOTE
r-devel-windows-x86_64-new-TK 1.5-0 NOTE
r-devel-windows-x86_64-old 1.5-0 28.00 164.00 192.00 NOTE
r-patched-linux-x86_64 1.5-0 11.96 124.31 136.27 NOTE
r-release-linux-x86_64 1.5-0 9.30 124.86 134.16 NOTE
r-release-macos-arm64 1.5-0 NOTE
r-release-macos-x86_64 1.5-0 NOTE
r-release-windows-ix86+x86_64 1.5-0 18.00 205.00 223.00 NOTE
r-oldrel-macos-x86_64 1.5-0 NOTE
r-oldrel-windows-ix86+x86_64 1.5-0 26.00 205.00 231.00 NOTE

Check Details

Version: 1.5-0
Check: package dependencies
Result: NOTE
    Package suggested but not available for checking: 'Rdonlp2'
Flavors: r-devel-linux-x86_64-debian-clang, r-devel-linux-x86_64-debian-gcc, r-devel-linux-x86_64-fedora-clang, r-devel-linux-x86_64-fedora-gcc, r-devel-windows-x86_64-new-UL, r-devel-windows-x86_64-new-TK, r-devel-windows-x86_64-old, r-patched-linux-x86_64, r-release-linux-x86_64, r-release-macos-arm64, r-release-macos-x86_64, r-release-windows-ix86+x86_64, r-oldrel-macos-x86_64, r-oldrel-windows-ix86+x86_64