CRAN Package Check Results for Package designGG

Last updated on 2021-11-30 06:49:22 CET.

Flavor Version Tinstall Tcheck Ttotal Status Flags
r-devel-linux-x86_64-debian-clang 1.1 3.95 66.90 70.85 NOTE
r-devel-linux-x86_64-debian-gcc 1.1 2.39 47.81 50.20 NOTE
r-devel-linux-x86_64-fedora-clang 1.1 91.36 NOTE
r-devel-linux-x86_64-fedora-gcc 1.1 84.31 NOTE
r-devel-windows-x86_64-new-UL 1.1 8.00 90.00 98.00 NOTE
r-devel-windows-x86_64-new-TK 1.1 NOTE
r-devel-windows-x86_64-old 1.1 6.00 64.00 70.00 NOTE
r-patched-linux-x86_64 1.1 4.11 63.67 67.78 NOTE
r-patched-solaris-x86 1.1 106.00 NOTE
r-release-linux-x86_64 1.1 3.13 64.67 67.80 NOTE
r-release-macos-arm64 1.1 NOTE
r-release-macos-x86_64 1.1 NOTE
r-release-windows-ix86+x86_64 1.1 6.00 67.00 73.00 NOTE
r-oldrel-macos-x86_64 1.1 NOTE
r-oldrel-windows-ix86+x86_64 1.1 5.00 61.00 66.00 NOTE

Check Details

Version: 1.1
Check: DESCRIPTION meta-information
Result: NOTE
    Malformed Title field: should not end in a period.
Flavors: r-devel-linux-x86_64-debian-clang, r-devel-linux-x86_64-debian-gcc, r-devel-linux-x86_64-fedora-clang, r-devel-linux-x86_64-fedora-gcc, r-devel-windows-x86_64-new-UL, r-devel-windows-x86_64-new-TK, r-devel-windows-x86_64-old, r-patched-linux-x86_64, r-patched-solaris-x86, r-release-linux-x86_64, r-release-macos-arm64, r-release-macos-x86_64, r-release-windows-ix86+x86_64, r-oldrel-macos-x86_64, r-oldrel-windows-ix86+x86_64

Version: 1.1
Check: R code for possible problems
Result: NOTE
    arrayUpdate : pairUpdate: no visible global function definition for
     'runif'
    conditionUpdate: no visible global function definition for 'runif'
    designGG: no visible global function definition for 'runif'
    experimentDesignTable: no visible global function definition for
     'write.csv'
    plotAllScores: no visible global function definition for 'png'
    plotAllScores: no visible global function definition for 'par'
    plotAllScores: no visible global function definition for 'text'
    plotAllScores: no visible global function definition for 'dev.off'
    Undefined global functions or variables:
     dev.off par png runif text write.csv
    Consider adding
     importFrom("grDevices", "dev.off", "png")
     importFrom("graphics", "par", "text")
     importFrom("stats", "runif")
     importFrom("utils", "write.csv")
    to your NAMESPACE file.
Flavors: r-devel-linux-x86_64-debian-clang, r-devel-linux-x86_64-debian-gcc, r-devel-linux-x86_64-fedora-clang, r-devel-linux-x86_64-fedora-gcc, r-devel-windows-x86_64-new-UL, r-devel-windows-x86_64-new-TK, r-devel-windows-x86_64-old, r-patched-linux-x86_64, r-patched-solaris-x86, r-release-linux-x86_64, r-release-macos-arm64, r-release-macos-x86_64, r-release-windows-ix86+x86_64, r-oldrel-macos-x86_64, r-oldrel-windows-ix86+x86_64

Version: 1.1
Check: for non-standard things in the check directory
Result: NOTE
    Found the following files/directories:
     'myDesignGGSAplot.png' 'myDesignGG_arrayDesign.csv'
     'myDesignGG_conditionDesign.csv'
Flavors: r-devel-linux-x86_64-debian-clang, r-devel-linux-x86_64-debian-gcc, r-devel-linux-x86_64-fedora-clang, r-devel-linux-x86_64-fedora-gcc, r-patched-linux-x86_64, r-patched-solaris-x86, r-release-linux-x86_64