Last updated on 2023-09-28 10:56:42 CEST.
Flavor | Version | Tinstall | Tcheck | Ttotal | Status | Flags |
---|---|---|---|---|---|---|
r-devel-linux-x86_64-debian-clang | 0.9.6 | 35.46 | 103.34 | 138.80 | NOTE | |
r-devel-linux-x86_64-debian-gcc | 0.9.6 | 25.52 | 75.95 | 101.47 | NOTE | |
r-devel-linux-x86_64-fedora-clang | 0.9.6 | 170.85 | NOTE | |||
r-devel-linux-x86_64-fedora-gcc | 0.9.6 | 185.40 | NOTE | |||
r-devel-windows-x86_64 | 0.9.6 | 32.00 | 117.00 | 149.00 | NOTE | |
r-patched-linux-x86_64 | 0.9.6 | 30.97 | 96.44 | 127.41 | NOTE | |
r-release-linux-x86_64 | 0.9.6 | 33.47 | 96.11 | 129.58 | NOTE | |
r-release-macos-arm64 | 0.9.6 | 57.00 | NOTE | |||
r-release-macos-x86_64 | 0.9.6 | 100.00 | NOTE | |||
r-release-windows-x86_64 | 0.9.6 | 41.00 | 142.00 | 183.00 | NOTE | |
r-oldrel-macos-arm64 | 0.9.6 | 50.00 | NOTE | |||
r-oldrel-macos-x86_64 | 0.9.6 | 91.00 | NOTE | |||
r-oldrel-windows-x86_64 | 0.9.6 | 39.00 | 131.00 | 170.00 | NOTE |
Version: 0.9.6
Check: LazyData
Result: NOTE
'LazyData' is specified without a 'data' directory
Flavors: r-devel-linux-x86_64-debian-clang, r-devel-linux-x86_64-debian-gcc, r-devel-linux-x86_64-fedora-clang, r-devel-linux-x86_64-fedora-gcc, r-devel-windows-x86_64, r-patched-linux-x86_64, r-release-linux-x86_64, r-release-macos-arm64, r-release-macos-x86_64, r-release-windows-x86_64, r-oldrel-macos-arm64, r-oldrel-macos-x86_64, r-oldrel-windows-x86_64
Version: 0.9.6
Check: installed package size
Result: NOTE
installed size is 5.3Mb
sub-directories of 1Mb or more:
extdata 2.1Mb
libs 2.3Mb
Flavors: r-release-macos-arm64, r-release-macos-x86_64, r-oldrel-macos-arm64, r-oldrel-macos-x86_64