CRAN Package Check Results for Package dexterMST

Last updated on 2021-08-04 13:52:54 CEST.

Flavor Version Tinstall Tcheck Ttotal Status Flags
r-devel-linux-x86_64-debian-clang 0.9.2 61.36 152.25 213.61 OK
r-devel-linux-x86_64-debian-gcc 0.9.2 42.57 112.63 155.20 OK
r-devel-linux-x86_64-fedora-clang 0.9.2 276.11 OK
r-devel-linux-x86_64-fedora-gcc 0.9.2 260.03 OK
r-devel-windows-x86_64 0.9.2 72.00 190.00 262.00 OK
r-devel-windows-x86_64-gcc10-UCRT 0.9.2 OK
r-patched-linux-x86_64 0.9.2 51.01 144.19 195.20 OK
r-patched-solaris-x86 0.9.2 443.30 OK
r-release-linux-x86_64 0.9.2 51.30 142.85 194.15 OK
r-release-macos-arm64 0.9.2 NOTE
r-release-macos-x86_64 0.9.2 OK
r-release-windows-ix86+x86_64 0.9.2 138.00 247.00 385.00 OK
r-oldrel-macos-x86_64 0.9.2 OK
r-oldrel-windows-ix86+x86_64 0.9.2 124.00 271.00 395.00 OK

Check Details

Version: 0.9.2
Check: installed package size
Result: NOTE
     installed size is 5.5Mb
     sub-directories of 1Mb or more:
     libs 4.9Mb
Flavor: r-release-macos-arm64