CRAN Package Check Results for Package dfcomb

Last updated on 2021-09-22 04:54:51 CEST.

Flavor Version Tinstall Tcheck Ttotal Status Flags
r-devel-linux-x86_64-debian-clang 3.0-0 13.52 23.66 37.18 OK
r-devel-linux-x86_64-debian-gcc 3.0-0 8.39 18.70 27.09 OK
r-devel-linux-x86_64-fedora-clang 3.0-0 56.28 OK
r-devel-linux-x86_64-fedora-gcc 3.0-0 43.34 OK
r-devel-windows-x86_64 3.0-0 16.00 38.00 54.00 OK
r-devel-windows-x86_64-gcc10-UCRT 3.0-0 ERROR
r-patched-linux-x86_64 3.0-0 9.60 23.43 33.03 OK
r-patched-solaris-x86 3.0-0 56.40 OK
r-release-linux-x86_64 3.0-0 10.20 23.13 33.33 OK
r-release-macos-arm64 3.0-0 OK
r-release-macos-x86_64 3.0-0 OK
r-release-windows-ix86+x86_64 3.0-0 33.00 49.00 82.00 OK
r-oldrel-macos-x86_64 3.0-0 OK
r-oldrel-windows-ix86+x86_64 3.0-0 33.00 52.00 85.00 OK

Check Details

Version: 3.0-0
Check: whether package can be installed
Result: ERROR
    Installation failed.
Flavor: r-devel-windows-x86_64-gcc10-UCRT